CRAN Package Check Results for Package bistablehistory

Last updated on 2025-07-16 17:49:20 CEST.

Flavor Version Tinstall Tcheck Ttotal Status Flags
r-devel-linux-x86_64-debian-clang 1.1.2 182.79 152.70 335.49 NOTE
r-devel-linux-x86_64-debian-gcc 1.1.2 152.91 123.73 276.64 NOTE
r-devel-linux-x86_64-fedora-clang 1.1.2 502.88 OK
r-devel-linux-x86_64-fedora-gcc 1.1.2 608.78 OK
r-devel-windows-x86_64 1.1.2 179.00 189.00 368.00 NOTE
r-patched-linux-x86_64 1.1.2 198.07 159.64 357.71 NOTE
r-release-linux-x86_64 1.1.2 199.57 159.10 358.67 NOTE
r-release-macos-arm64 1.1.2 145.00 OK
r-release-macos-x86_64 1.1.2 395.00 OK
r-release-windows-x86_64 1.1.2 183.00 199.00 382.00 NOTE
r-oldrel-macos-arm64 1.1.2 82.00 NOTE
r-oldrel-macos-x86_64 1.1.2 138.00 NOTE
r-oldrel-windows-x86_64 1.1.2 213.00 236.00 449.00 NOTE

Check Details

Version: 1.1.2
Check: Rd cross-references
Result: NOTE Found the following Rd file(s) with Rd \link{} targets missing package anchors: waic.cumhist.Rd: loo-package Please provide package anchors for all Rd \link{} targets not in the package itself and the base packages. Flavors: r-devel-linux-x86_64-debian-clang, r-devel-linux-x86_64-debian-gcc, r-devel-windows-x86_64, r-patched-linux-x86_64, r-release-linux-x86_64, r-release-windows-x86_64

Version: 1.1.2
Check: installed package size
Result: NOTE installed size is 54.9Mb sub-directories of 1Mb or more: libs 53.9Mb Flavors: r-oldrel-macos-arm64, r-oldrel-macos-x86_64

Version: 1.1.2
Check: for GNU extensions in Makefiles
Result: NOTE GNU make is a SystemRequirements. Flavors: r-oldrel-macos-arm64, r-oldrel-macos-x86_64, r-oldrel-windows-x86_64