Last updated on 2025-05-28 09:52:49 CEST.
Flavor | Version | Tinstall | Tcheck | Ttotal | Status | Flags |
---|---|---|---|---|---|---|
r-devel-linux-x86_64-debian-clang | 1.6 | 29.31 | 258.49 | 287.80 | NOTE | |
r-devel-linux-x86_64-debian-gcc | 1.6 | 21.53 | 164.76 | 186.29 | NOTE | |
r-devel-linux-x86_64-fedora-clang | 1.6 | 460.74 | OK | |||
r-devel-linux-x86_64-fedora-gcc | 1.6 | 446.22 | OK | |||
r-devel-windows-x86_64 | 1.6 | 28.00 | 202.00 | 230.00 | OK | |
r-patched-linux-x86_64 | 1.6 | 31.92 | 247.08 | 279.00 | OK | |
r-release-linux-x86_64 | 1.6 | 30.71 | 245.64 | 276.35 | OK | |
r-release-macos-arm64 | 1.6 | 104.00 | OK | |||
r-release-macos-x86_64 | 1.6 | 233.00 | OK | |||
r-release-windows-x86_64 | 1.6 | 28.00 | 209.00 | 237.00 | OK | |
r-oldrel-macos-arm64 | 1.6 | 97.00 | OK | |||
r-oldrel-macos-x86_64 | 1.6 | 161.00 | OK | |||
r-oldrel-windows-x86_64 | 1.6 | 40.00 | 290.00 | 330.00 | OK |
Version: 1.6
Check: CRAN incoming feasibility
Result: NOTE
Maintainer: ‘Fraenzi Korner-Nievergelt <fraenzi.korner@vogelwarte.ch>’
No Authors@R field in DESCRIPTION.
Please add one, modifying
Authors@R: c(person(given = "Fraenzi",
family = "Korner-Nievergelt",
role = c("aut", "cre"),
email = "fraenzi.korner@vogelwarte.ch"),
person(given = "Rob",
family = "Robinson",
role = "aut"))
as necessary.
Flavors: r-devel-linux-x86_64-debian-clang, r-devel-linux-x86_64-debian-gcc