Last updated on 2025-05-28 13:48:21 CEST.
Flavor | Version | Tinstall | Tcheck | Ttotal | Status | Flags |
---|---|---|---|---|---|---|
r-devel-linux-x86_64-debian-clang | 0.2.3 | 52.59 | 51.04 | 103.63 | OK | |
r-devel-linux-x86_64-debian-gcc | 0.2.3 | 37.33 | 37.75 | 75.08 | OK | |
r-devel-linux-x86_64-fedora-clang | 0.2.3 | 175.72 | OK | |||
r-devel-linux-x86_64-fedora-gcc | 0.2.3 | 162.89 | OK | |||
r-devel-windows-x86_64 | 0.2.3 | 61.00 | 95.00 | 156.00 | OK | |
r-patched-linux-x86_64 | 0.2.3 | 46.99 | 48.51 | 95.50 | OK | |
r-release-linux-x86_64 | 0.2.3 | 49.77 | 48.79 | 98.56 | OK | |
r-release-macos-arm64 | 0.2.3 | 43.00 | OK | |||
r-release-macos-x86_64 | 0.2.3 | 94.00 | OK | |||
r-release-windows-x86_64 | 0.2.3 | 60.00 | 97.00 | 157.00 | OK | |
r-oldrel-macos-arm64 | 0.2.3 | 44.00 | NOTE | |||
r-oldrel-macos-x86_64 | 0.2.3 | 54.00 | NOTE | |||
r-oldrel-windows-x86_64 | 0.2.3 | 69.00 | 108.00 | 177.00 | OK |
Version: 0.2.3
Check: installed package size
Result: NOTE
installed size is 5.6Mb
sub-directories of 1Mb or more:
libs 4.6Mb
Flavors: r-oldrel-macos-arm64, r-oldrel-macos-x86_64