Last updated on 2025-07-23 23:50:55 CEST.
Flavor | Version | Tinstall | Tcheck | Ttotal | Status | Flags |
---|---|---|---|---|---|---|
r-devel-linux-x86_64-debian-clang | 0.1.5 | 34.60 | 35.30 | 69.90 | NOTE | |
r-devel-linux-x86_64-debian-gcc | 0.1.5 | 26.25 | 27.00 | 53.25 | NOTE | |
r-devel-linux-x86_64-fedora-clang | 0.1.5 | 123.11 | OK | |||
r-devel-linux-x86_64-fedora-gcc | 0.1.5 | 116.72 | OK | |||
r-patched-linux-x86_64 | 0.1.5 | 36.56 | 32.72 | 69.28 | OK | |
r-release-linux-x86_64 | 0.1.5 | 36.09 | 32.97 | 69.06 | OK | |
r-release-macos-arm64 | 0.1.5 | 36.00 | OK | |||
r-release-macos-x86_64 | 0.1.5 | 52.00 | OK | |||
r-oldrel-macos-arm64 | 0.1.5 | 34.00 | OK | |||
r-oldrel-macos-x86_64 | 0.1.5 | 45.00 | OK |
Version: 0.1.5
Check: CRAN incoming feasibility
Result: NOTE
Maintainer: ‘Chibisi Chima-Okereke <chibisi@active-analytics.com>’
No Authors@R field in DESCRIPTION.
Please add one, modifying
Authors@R: person(given = "Chibisi",
family = "Chima-Okereke",
role = c("aut", "cre"),
email = "chibisi@active-analytics.com")
as necessary.
Flavors: r-devel-linux-x86_64-debian-clang, r-devel-linux-x86_64-debian-gcc