Last updated on 2025-05-25 13:49:38 CEST.
Flavor | Version | Tinstall | Tcheck | Ttotal | Status | Flags |
---|---|---|---|---|---|---|
r-devel-linux-x86_64-debian-clang | 2.2.1 | 149.80 | 432.41 | 582.21 | OK | |
r-devel-linux-x86_64-debian-gcc | 2.2.1 | 100.69 | 128.36 | 229.05 | OK | |
r-devel-linux-x86_64-fedora-clang | 2.2.1 | 759.15 | OK | |||
r-devel-linux-x86_64-fedora-gcc | 2.2.1 | 596.18 | OK | |||
r-devel-windows-x86_64 | 2.2.1 | 172.00 | 228.00 | 400.00 | OK | |
r-patched-linux-x86_64 | 2.2.1 | 139.03 | 170.81 | 309.84 | OK | |
r-release-linux-x86_64 | 2.2.1 | 141.60 | 169.77 | 311.37 | OK | |
r-release-macos-arm64 | 2.2.1 | 128.00 | OK | |||
r-release-macos-x86_64 | 2.2.1 | 320.00 | OK | |||
r-release-windows-x86_64 | 2.2.1 | 169.00 | 222.00 | 391.00 | OK | |
r-oldrel-macos-arm64 | 2.2.1 | 139.00 | NOTE | |||
r-oldrel-macos-x86_64 | 2.2.1 | 207.00 | NOTE | |||
r-oldrel-windows-x86_64 | 2.2.1 | 197.00 | 260.00 | 457.00 | OK |
Version: 2.2.1
Check: installed package size
Result: NOTE
installed size is 7.2Mb
sub-directories of 1Mb or more:
libs 6.8Mb
Flavors: r-oldrel-macos-arm64, r-oldrel-macos-x86_64