Last updated on 2025-05-28 09:52:48 CEST.
Flavor | Version | Tinstall | Tcheck | Ttotal | Status | Flags |
---|---|---|---|---|---|---|
r-devel-linux-x86_64-debian-clang | 0.1.4 | 6.53 | 59.61 | 66.14 | NOTE | |
r-devel-linux-x86_64-debian-gcc | 0.1.4 | 4.46 | 42.30 | 46.76 | NOTE | |
r-devel-linux-x86_64-fedora-clang | 0.1.4 | 105.35 | OK | |||
r-devel-linux-x86_64-fedora-gcc | 0.1.4 | 116.54 | OK | |||
r-devel-windows-x86_64 | 0.1.4 | 10.00 | 71.00 | 81.00 | OK | |
r-patched-linux-x86_64 | 0.1.4 | 5.92 | 54.81 | 60.73 | OK | |
r-release-linux-x86_64 | 0.1.4 | 6.45 | 54.86 | 61.31 | OK | |
r-release-macos-arm64 | 0.1.4 | 36.00 | OK | |||
r-release-macos-x86_64 | 0.1.4 | 79.00 | OK | |||
r-release-windows-x86_64 | 0.1.4 | 9.00 | 72.00 | 81.00 | OK | |
r-oldrel-macos-arm64 | 0.1.4 | 35.00 | OK | |||
r-oldrel-macos-x86_64 | 0.1.4 | 54.00 | OK | |||
r-oldrel-windows-x86_64 | 0.1.4 | 10.00 | 85.00 | 95.00 | OK |
Version: 0.1.4
Check: CRAN incoming feasibility
Result: NOTE
Maintainer: ‘Yuan Tang <terrytangyuan@gmail.com>’
Package CITATION file contains call(s) to old-style citEntry(). Please
use bibentry() instead.
Flavors: r-devel-linux-x86_64-debian-clang, r-devel-linux-x86_64-debian-gcc