Last updated on 2025-07-16 09:51:12 CEST.
Flavor | Version | Tinstall | Tcheck | Ttotal | Status | Flags |
---|---|---|---|---|---|---|
r-devel-linux-x86_64-debian-clang | 2.2.3 | 3.65 | 129.22 | 132.87 | NOTE | |
r-devel-linux-x86_64-debian-gcc | 2.2.3 | 3.02 | 97.85 | 100.87 | NOTE | |
r-devel-linux-x86_64-fedora-clang | 2.2.3 | 210.87 | OK | |||
r-devel-linux-x86_64-fedora-gcc | 2.2.3 | 212.30 | OK | |||
r-devel-windows-x86_64 | 2.2.3 | 6.00 | 216.00 | 222.00 | OK | |
r-patched-linux-x86_64 | 2.2.3 | 4.60 | 124.77 | 129.37 | OK | |
r-release-linux-x86_64 | 2.2.3 | 3.88 | 124.49 | 128.37 | OK | |
r-release-macos-arm64 | 2.2.3 | 95.00 | OK | |||
r-release-macos-x86_64 | 2.2.3 | 134.00 | OK | |||
r-release-windows-x86_64 | 2.2.3 | 7.00 | 238.00 | 245.00 | OK | |
r-oldrel-macos-arm64 | 2.2.3 | 60.00 | OK | |||
r-oldrel-macos-x86_64 | 2.2.3 | 102.00 | OK | |||
r-oldrel-windows-x86_64 | 2.2.3 | 8.00 | 269.00 | 277.00 | OK |
Version: 2.2.3
Check: CRAN incoming feasibility
Result: NOTE
Maintainer: ‘Joshua French <joshua.french@ucdenver.edu>’
No Authors@R field in DESCRIPTION.
Please add one, modifying
Authors@R: person(given = "Joshua",
family = "French",
role = c("aut", "cre"),
email = "joshua.french@ucdenver.edu")
as necessary.
Package CITATION file contains call(s) to old-style citEntry(). Please
use bibentry() instead.
Flavors: r-devel-linux-x86_64-debian-clang, r-devel-linux-x86_64-debian-gcc