Last updated on 2025-05-27 23:51:45 CEST.
Flavor | Version | Tinstall | Tcheck | Ttotal | Status | Flags |
---|---|---|---|---|---|---|
r-devel-linux-x86_64-debian-clang | 1.3-4 | 11.24 | 138.17 | 149.41 | OK | |
r-devel-linux-x86_64-debian-gcc | 1.3-4 | 9.08 | 99.02 | 108.10 | OK | |
r-devel-linux-x86_64-fedora-clang | 1.3-4 | 253.16 | OK | |||
r-devel-linux-x86_64-fedora-gcc | 1.3-4 | 249.10 | OK | |||
r-devel-windows-x86_64 | 1.3-4 | 21.00 | 208.00 | 229.00 | OK | |
r-patched-linux-x86_64 | 1.1-3 | 9.13 | 122.81 | 131.94 | NOTE | |
r-release-linux-x86_64 | 1.1-3 | 9.26 | 122.80 | 132.06 | NOTE | |
r-release-macos-arm64 | 1.3-4 | 107.00 | OK | |||
r-release-macos-x86_64 | 1.3-4 | 206.00 | NOTE | |||
r-release-windows-x86_64 | 1.3-4 | 23.00 | 208.00 | 231.00 | OK | |
r-oldrel-macos-arm64 | 1.3-4 | 87.00 | OK | |||
r-oldrel-macos-x86_64 | 144.00 | OK | ||||
r-oldrel-windows-x86_64 | 1.3-4 | 30.00 | 241.00 | 271.00 | OK |
Version: 1.1-3
Check: Rd cross-references
Result: NOTE
Found the following Rd file(s) with Rd \link{} targets missing package
anchors:
pickle.Rd: trust
Please provide package anchors for all Rd \link{} targets not in the
package itself and the base packages.
Flavors: r-patched-linux-x86_64, r-release-linux-x86_64
Version: 1.1-3
Check: tests
Result: NOTE
Running ‘aster.R’ [1s/1s]
Comparing ‘aster.Rout’ to ‘aster.Rout.save’ ... OK
Running ‘bogus.R’ [1s/2s]
Comparing ‘bogus.Rout’ to ‘bogus.Rout.save’ ... OK
Running ‘cache.R’ [3s/3s]
Comparing ‘cache.Rout’ to ‘cache.Rout.save’ ... OK
Running ‘chk.R’ [0s/0s]
Comparing ‘chk.Rout’ to ‘chk.Rout.save’ ... OK
Running ‘famber.R’ [0s/0s]
Comparing ‘famber.Rout’ to ‘famber.Rout.save’ ... OK
Running ‘famnegbin.R’ [0s/0s]
Comparing ‘famnegbin.Rout’ to ‘famnegbin.Rout.save’ ... OK
Running ‘famnorloc.R’ [0s/0s]
Comparing ‘famnorloc.Rout’ to ‘famnorloc.Rout.save’ ... OK
Running ‘famnzp.R’ [0s/0s]
Comparing ‘famnzp.Rout’ to ‘famnzp.Rout.save’ ... OK
Running ‘fampoi.R’ [0s/1s]
Comparing ‘fampoi.Rout’ to ‘fampoi.Rout.save’ ... OK
Running ‘famtnb.R’ [0s/1s]
Comparing ‘famtnb.Rout’ to ‘famtnb.Rout.save’ ... OK
Running ‘foobar.R’ [0s/0s]
Comparing ‘foobar.Rout’ to ‘foobar.Rout.save’ ... OK
Running ‘formula.R’ [0s/1s]
Comparing ‘formula.Rout’ to ‘formula.Rout.save’ ... OK
Running ‘gradmat.R’ [0s/1s]
Comparing ‘gradmat.Rout’ to ‘gradmat.Rout.save’ ... OK
Running ‘ktnb.R’ [0s/1s]
Comparing ‘ktnb.Rout’ to ‘ktnb.Rout.save’ ... OK
Running ‘ktp.R’ [0s/1s]
Comparing ‘ktp.Rout’ to ‘ktp.Rout.save’ ... OK
Running ‘matops.R’ [0s/0s]
Comparing ‘matops.Rout’ to ‘matops.Rout.save’ ... OK
Running ‘mlogl-c-export.R’ [1s/1s]
Comparing ‘mlogl-c-export.Rout’ to ‘mlogl-c-export.Rout.save’ ... OK
Running ‘mlogl-cond.R’ [1s/1s]
Comparing ‘mlogl-cond.Rout’ to ‘mlogl-cond.Rout.save’ ... OK
Running ‘mlogl-unco.R’ [1s/1s]
Comparing ‘mlogl-unco.Rout’ to ‘mlogl-unco.Rout.save’ ...115c115
< Inf replaced by maximum positive value
---
> NA/Inf replaced by maximum positive value
Running ‘newfam.R’ [0s/1s]
Comparing ‘newfam.Rout’ to ‘newfam.Rout.save’ ... OK
Running ‘newpickle.R’ [1s/1s]
Comparing ‘newpickle.Rout’ to ‘newpickle.Rout.save’ ... OK
Running ‘nzp.R’ [0s/1s]
Comparing ‘nzp.Rout’ to ‘nzp.Rout.save’ ... OK
Running ‘parm.R’ [1s/1s]
Comparing ‘parm.Rout’ to ‘parm.Rout.save’ ... OK
Running ‘penmlogl.R’ [1s/1s]
Comparing ‘penmlogl.Rout’ to ‘penmlogl.Rout.save’ ... OK
Running ‘pickle.R’ [3s/3s]
Comparing ‘pickle.Rout’ to ‘pickle.Rout.save’ ... OK
Running ‘predict.R’ [1s/1s]
Comparing ‘predict.Rout’ to ‘predict.Rout.save’ ... OK
Running ‘quickle.R’ [4s/4s]
Comparing ‘quickle.Rout’ to ‘quickle.Rout.save’ ... OK
Running ‘raster.R’ [0s/1s]
Comparing ‘raster.Rout’ to ‘raster.Rout.save’ ... OK
Running ‘reaster-warn.R’ [2s/2s]
Comparing ‘reaster-warn.Rout’ to ‘reaster-warn.Rout.save’ ... OK
Running ‘reaster.R’ [7s/10s]
Comparing ‘reaster.Rout’ to ‘reaster.Rout.save’ ... OK
Running ‘reaster1.R’ [1s/1s]
Comparing ‘reaster1.Rout’ to ‘reaster1.Rout.save’ ... OK
Running ‘trans.R’ [0s/1s]
Comparing ‘trans.Rout’ to ‘trans.Rout.save’ ... OK
Flavor: r-patched-linux-x86_64
Version: 1.1-3
Check: tests
Result: NOTE
Running ‘aster.R’ [1s/1s]
Comparing ‘aster.Rout’ to ‘aster.Rout.save’ ... OK
Running ‘bogus.R’ [1s/2s]
Comparing ‘bogus.Rout’ to ‘bogus.Rout.save’ ... OK
Running ‘cache.R’ [3s/3s]
Comparing ‘cache.Rout’ to ‘cache.Rout.save’ ... OK
Running ‘chk.R’ [0s/0s]
Comparing ‘chk.Rout’ to ‘chk.Rout.save’ ... OK
Running ‘famber.R’ [0s/0s]
Comparing ‘famber.Rout’ to ‘famber.Rout.save’ ... OK
Running ‘famnegbin.R’ [0s/0s]
Comparing ‘famnegbin.Rout’ to ‘famnegbin.Rout.save’ ... OK
Running ‘famnorloc.R’ [0s/0s]
Comparing ‘famnorloc.Rout’ to ‘famnorloc.Rout.save’ ... OK
Running ‘famnzp.R’ [0s/0s]
Comparing ‘famnzp.Rout’ to ‘famnzp.Rout.save’ ... OK
Running ‘fampoi.R’ [0s/0s]
Comparing ‘fampoi.Rout’ to ‘fampoi.Rout.save’ ... OK
Running ‘famtnb.R’ [0s/1s]
Comparing ‘famtnb.Rout’ to ‘famtnb.Rout.save’ ... OK
Running ‘foobar.R’ [0s/0s]
Comparing ‘foobar.Rout’ to ‘foobar.Rout.save’ ... OK
Running ‘formula.R’ [0s/0s]
Comparing ‘formula.Rout’ to ‘formula.Rout.save’ ... OK
Running ‘gradmat.R’ [0s/1s]
Comparing ‘gradmat.Rout’ to ‘gradmat.Rout.save’ ... OK
Running ‘ktnb.R’ [0s/1s]
Comparing ‘ktnb.Rout’ to ‘ktnb.Rout.save’ ... OK
Running ‘ktp.R’ [0s/1s]
Comparing ‘ktp.Rout’ to ‘ktp.Rout.save’ ... OK
Running ‘matops.R’ [0s/0s]
Comparing ‘matops.Rout’ to ‘matops.Rout.save’ ... OK
Running ‘mlogl-c-export.R’ [1s/1s]
Comparing ‘mlogl-c-export.Rout’ to ‘mlogl-c-export.Rout.save’ ... OK
Running ‘mlogl-cond.R’ [1s/1s]
Comparing ‘mlogl-cond.Rout’ to ‘mlogl-cond.Rout.save’ ... OK
Running ‘mlogl-unco.R’ [1s/1s]
Comparing ‘mlogl-unco.Rout’ to ‘mlogl-unco.Rout.save’ ...115c115
< Inf replaced by maximum positive value
---
> NA/Inf replaced by maximum positive value
Running ‘newfam.R’ [0s/0s]
Comparing ‘newfam.Rout’ to ‘newfam.Rout.save’ ... OK
Running ‘newpickle.R’ [1s/1s]
Comparing ‘newpickle.Rout’ to ‘newpickle.Rout.save’ ... OK
Running ‘nzp.R’ [0s/1s]
Comparing ‘nzp.Rout’ to ‘nzp.Rout.save’ ... OK
Running ‘parm.R’ [1s/1s]
Comparing ‘parm.Rout’ to ‘parm.Rout.save’ ... OK
Running ‘penmlogl.R’ [1s/1s]
Comparing ‘penmlogl.Rout’ to ‘penmlogl.Rout.save’ ... OK
Running ‘pickle.R’ [3s/4s]
Comparing ‘pickle.Rout’ to ‘pickle.Rout.save’ ... OK
Running ‘predict.R’ [1s/1s]
Comparing ‘predict.Rout’ to ‘predict.Rout.save’ ... OK
Running ‘quickle.R’ [3s/4s]
Comparing ‘quickle.Rout’ to ‘quickle.Rout.save’ ... OK
Running ‘raster.R’ [0s/0s]
Comparing ‘raster.Rout’ to ‘raster.Rout.save’ ... OK
Running ‘reaster-warn.R’ [2s/2s]
Comparing ‘reaster-warn.Rout’ to ‘reaster-warn.Rout.save’ ... OK
Running ‘reaster.R’ [7s/9s]
Comparing ‘reaster.Rout’ to ‘reaster.Rout.save’ ... OK
Running ‘reaster1.R’ [1s/1s]
Comparing ‘reaster1.Rout’ to ‘reaster1.Rout.save’ ... OK
Running ‘trans.R’ [0s/0s]
Comparing ‘trans.Rout’ to ‘trans.Rout.save’ ... OK
Flavor: r-release-linux-x86_64
Version: 1.3-4
Check: tests
Result: NOTE
Running ‘aster.R’ [1s/1s]
Comparing ‘aster.Rout’ to ‘aster.Rout.save’ ... OK
Running ‘bogus.R’ [1s/2s]
Comparing ‘bogus.Rout’ to ‘bogus.Rout.save’ ... OK
Running ‘cache.R’ [2s/4s]
Comparing ‘cache.Rout’ to ‘cache.Rout.save’ ... OK
Running ‘chk.R’ [0s/0s]
Comparing ‘chk.Rout’ to ‘chk.Rout.save’ ... OK
Running ‘famber.R’ [0s/0s]
Comparing ‘famber.Rout’ to ‘famber.Rout.save’ ... OK
Running ‘famnegbin.R’ [0s/0s]
Comparing ‘famnegbin.Rout’ to ‘famnegbin.Rout.save’ ... OK
Running ‘famnorloc.R’ [0s/0s]
Comparing ‘famnorloc.Rout’ to ‘famnorloc.Rout.save’ ... OK
Running ‘famnzp.R’ [0s/0s]
Comparing ‘famnzp.Rout’ to ‘famnzp.Rout.save’ ... OK
Running ‘fampoi.R’ [0s/0s]
Comparing ‘fampoi.Rout’ to ‘fampoi.Rout.save’ ... OK
Running ‘famtnb.R’ [0s/1s]
Comparing ‘famtnb.Rout’ to ‘famtnb.Rout.save’ ... OK
Running ‘foobar.R’ [0s/0s]
Comparing ‘foobar.Rout’ to ‘foobar.Rout.save’ ... OK
Running ‘formula.R’ [0s/0s]
Comparing ‘formula.Rout’ to ‘formula.Rout.save’ ... OK
Running ‘gradmat.R’ [0s/1s]
Comparing ‘gradmat.Rout’ to ‘gradmat.Rout.save’ ... OK
Running ‘inverse.R’ [0s/0s]
Comparing ‘inverse.Rout’ to ‘inverse.Rout.save’ ... OK
Running ‘ktnb.R’ [0s/1s]
Comparing ‘ktnb.Rout’ to ‘ktnb.Rout.save’ ... OK
Running ‘ktp.R’ [0s/1s]
Comparing ‘ktp.Rout’ to ‘ktp.Rout.save’ ... OK
Running ‘matops.R’ [0s/0s]
Comparing ‘matops.Rout’ to ‘matops.Rout.save’ ... OK
Running ‘mlogl-c-export.R’ [1s/1s]
Comparing ‘mlogl-c-export.Rout’ to ‘mlogl-c-export.Rout.save’ ... OK
Running ‘mlogl-cond.R’ [0s/1s]
Comparing ‘mlogl-cond.Rout’ to ‘mlogl-cond.Rout.save’ ... OK
Running ‘mlogl-unco.R’ [0s/1s]
Comparing ‘mlogl-unco.Rout’ to ‘mlogl-unco.Rout.save’ ... OK
Running ‘newfam.R’ [0s/0s]
Comparing ‘newfam.Rout’ to ‘newfam.Rout.save’ ... OK
Running ‘newpickle.R’ [0s/1s]
Comparing ‘newpickle.Rout’ to ‘newpickle.Rout.save’ ... OK
Running ‘nzp.R’ [0s/1s]
Comparing ‘nzp.Rout’ to ‘nzp.Rout.save’ ... OK
Running ‘parm.R’ [1s/2s]
Comparing ‘parm.Rout’ to ‘parm.Rout.save’ ... OK
Running ‘penmlogl.R’ [1s/1s]
Comparing ‘penmlogl.Rout’ to ‘penmlogl.Rout.save’ ... OK
Running ‘pickle.R’ [2s/5s]
Comparing ‘pickle.Rout’ to ‘pickle.Rout.save’ ... OK
Running ‘predict.R’ [0s/1s]
Comparing ‘predict.Rout’ to ‘predict.Rout.save’ ... OK
Running ‘quickle.R’ [2s/5s]
Comparing ‘quickle.Rout’ to ‘quickle.Rout.save’ ... OK
Running ‘raster.R’ [0s/1s]
Comparing ‘raster.Rout’ to ‘raster.Rout.save’ ... OK
Running ‘reaster-objfun.R’ [2s/4s]
Comparing ‘reaster-objfun.Rout’ to ‘reaster-objfun.Rout.save’ ... OK
Running ‘reaster-warn.R’ [1s/2s]
Comparing ‘reaster-warn.Rout’ to ‘reaster-warn.Rout.save’ ... OK
Running ‘reaster.R’ [4s/11s]
Comparing ‘reaster.Rout’ to ‘reaster.Rout.save’ ... OK
Running ‘reaster1.R’ [1s/2s]
Comparing ‘reaster1.Rout’ to ‘reaster1.Rout.save’ ... OK
Running ‘trans.R’ [0s/1s]
Comparing ‘trans.Rout’ to ‘trans.Rout.save’ ... OK
Running ‘vcov.R’ [2s/4s]
Comparing ‘vcov.Rout’ to ‘vcov.Rout.save’ ...45c45
< [1] "Mean relative difference: 1.644582e-05"
---
> [1] TRUE
68c68
< [1] "Mean relative difference: 1.658506e-05"
---
> [1] TRUE
74c74
< [1] "Mean relative difference: 0.0003020637"
---
> [1] TRUE
91c91
< [1] "Mean relative difference: 1.644582e-05"
---
> [1] TRUE
114c114
< [1] "Mean relative difference: 1.658506e-05"
---
> [1] TRUE
120c120
< [1] "Mean relative difference: 0.0003020637"
---
> [1] TRUE
228d227
< [1] "Mean relative difference: 1.819371e-08"
231c230,231
< [1] "Mean relative difference: 1.819371e-08"
---
> [1] TRUE
> [1] TRUE
Flavor: r-release-macos-x86_64