CRAN Package Check Results for Package assert

Last updated on 2025-05-25 17:51:47 CEST.

Flavor Version Tinstall Tcheck Ttotal Status Flags
r-devel-linux-x86_64-debian-clang 1.0.1 1.48 15.86 17.34 OK
r-devel-linux-x86_64-debian-gcc 1.0.1 1.33 12.90 14.23 OK
r-devel-linux-x86_64-fedora-clang 1.0.1 27.47 OK
r-devel-linux-x86_64-fedora-gcc 1.0.1 25.97 OK
r-devel-windows-x86_64 1.0.1 2.00 42.00 44.00 OK
r-patched-linux-x86_64 1.0.1 1.57 15.29 16.86 OK
r-release-linux-x86_64 1.0.1 1.39 15.40 16.79 OK
r-release-macos-arm64 1.0.1 15.00 OK
r-release-macos-x86_64 1.0.1 22.00 OK
r-release-windows-x86_64 1.0.1 3.00 38.00 41.00 OK
r-oldrel-macos-arm64 1.0.1 18.00 NOTE
r-oldrel-macos-x86_64 1.0.1 18.00 NOTE
r-oldrel-windows-x86_64 1.0.1 3.00 34.00 37.00 NOTE

Check Details

Version: 1.0.1
Check: LazyData
Result: NOTE 'LazyData' is specified without a 'data' directory Flavors: r-oldrel-macos-arm64, r-oldrel-macos-x86_64, r-oldrel-windows-x86_64