Last updated on 2025-05-28 04:52:10 CEST.
Flavor | Version | Tinstall | Tcheck | Ttotal | Status | Flags |
---|---|---|---|---|---|---|
r-devel-linux-x86_64-debian-clang | 1.11 | 47.37 | 245.08 | 292.45 | OK | |
r-devel-linux-x86_64-debian-gcc | 1.11 | 33.92 | 177.53 | 211.45 | OK | |
r-devel-linux-x86_64-fedora-clang | 1.11 | 2.32 | ERROR | |||
r-devel-linux-x86_64-fedora-gcc | 1.11 | 2.33 | ERROR | |||
r-devel-windows-x86_64 | 1.11 | 39.00 | 272.00 | 311.00 | OK | |
r-patched-linux-x86_64 | 1.11 | 52.61 | 229.10 | 281.71 | OK | |
r-release-linux-x86_64 | 1.11 | 47.15 | 234.42 | 281.57 | OK | |
r-release-macos-arm64 | 1.11 | 211.00 | OK | |||
r-release-macos-x86_64 | 1.11 | 246.00 | OK | |||
r-release-windows-x86_64 | 1.11 | 38.00 | 294.00 | 332.00 | OK | |
r-oldrel-macos-arm64 | 1.11 | 190.00 | OK | |||
r-oldrel-macos-x86_64 | 1.11 | 331.00 | OK | |||
r-oldrel-windows-x86_64 | 1.11 | 50.00 | 314.00 | 364.00 | OK |
Version: 1.11
Check: package dependencies
Result: ERROR
Package required but not available: ‘gWidgets2tcltk’
See section ‘The DESCRIPTION file’ in the ‘Writing R Extensions’
manual.
Flavors: r-devel-linux-x86_64-fedora-clang, r-devel-linux-x86_64-fedora-gcc