CRAN Package Check Results for Package apollo

Last updated on 2025-05-25 13:49:37 CEST.

Flavor Version Tinstall Tcheck Ttotal Status Flags
r-devel-linux-x86_64-debian-clang 0.3.5 71.57 218.61 290.18 NOTE
r-devel-linux-x86_64-debian-gcc 0.3.5 48.59 137.63 186.22 NOTE
r-devel-linux-x86_64-fedora-clang 0.3.5 479.27 OK
r-devel-linux-x86_64-fedora-gcc 0.3.5 467.59 OK
r-devel-windows-x86_64 0.3.5 75.00 222.00 297.00 OK
r-patched-linux-x86_64 0.3.5 68.10 205.52 273.62 NOTE
r-release-linux-x86_64 0.3.5 64.03 204.50 268.53 NOTE
r-release-macos-arm64 0.3.5 134.00 OK
r-release-macos-x86_64 0.3.5 276.00 OK
r-release-windows-x86_64 0.3.5 73.00 214.00 287.00 OK
r-oldrel-macos-arm64 0.3.5 114.00 OK
r-oldrel-macos-x86_64 0.3.5 226.00 OK
r-oldrel-windows-x86_64 0.3.5 92.00 278.00 370.00 OK

Check Details

Version: 0.3.5
Check: R code for possible problems
Result: NOTE Found the following calls to attach(): File ‘apollo/R/apollo_attach.R’: attach(as.list(apollo_beta), warn.conflicts = FALSE) attach(database, warn.conflicts = FALSE) attach(draws, warn.conflicts = FALSE) attach(randcoeff, warn.conflicts = FALSE) attach(lcpars, warn.conflicts = FALSE) See section ‘Good practice’ in ‘?attach’. Flavors: r-devel-linux-x86_64-debian-clang, r-devel-linux-x86_64-debian-gcc, r-patched-linux-x86_64, r-release-linux-x86_64