Last updated on 2025-05-28 17:57:16 CEST.
Flavor | Version | Tinstall | Tcheck | Ttotal | Status | Flags |
---|---|---|---|---|---|---|
r-devel-linux-x86_64-debian-clang | 0.3.2 | 25.95 | 38.76 | 64.71 | OK | |
r-devel-linux-x86_64-debian-gcc | 0.3.2 | 19.98 | 30.14 | 50.12 | OK | |
r-devel-linux-x86_64-fedora-clang | 0.3.2 | 116.86 | OK | |||
r-devel-linux-x86_64-fedora-gcc | 0.3.2 | 126.25 | OK | |||
r-devel-windows-x86_64 | 0.3.2 | 59.00 | 106.00 | 165.00 | NOTE | |
r-patched-linux-x86_64 | 0.3.2 | 25.13 | 36.96 | 62.09 | OK | |
r-release-linux-x86_64 | 0.3.2 | 24.24 | 36.79 | 61.03 | OK | |
r-release-macos-arm64 | 0.3.2 | 52.00 | OK | |||
r-release-macos-x86_64 | 0.3.2 | 80.00 | OK | |||
r-release-windows-x86_64 | 0.3.2 | 60.00 | 107.00 | 167.00 | NOTE | |
r-oldrel-macos-arm64 | 0.3.2 | 80.00 | NOTE | |||
r-oldrel-macos-x86_64 | 0.3.2 | 149.00 | NOTE | |||
r-oldrel-windows-x86_64 | 0.3.2 | 30.00 | 127.00 | 157.00 | OK |
Version: 0.3.2
Check: compiled code
Result: NOTE
File 'apcf/libs/x64/apcf.dll':
Found '_ZSt4cerr', possibly from 'std::cerr' (C++)
Objects: '../windows/geos-3.10.2/lib-4.9.3/x64/libgeos.a',
'../windows/geos-3.10.2/lib-8.3.0/x64/libgeos.a',
'../windows/geos-3.10.2/lib/x64/libgeos.a'
Compiled code should not call entry points which might terminate R nor
write to stdout/stderr instead of to the console, nor use Fortran I/O
nor system RNGs nor [v]sprintf.
See 'Writing portable packages' in the 'Writing R Extensions' manual.
Flavors: r-devel-windows-x86_64, r-release-windows-x86_64
Version: 0.3.2
Check: installed package size
Result: NOTE
installed size is 5.7Mb
sub-directories of 1Mb or more:
libs 5.2Mb
Flavors: r-oldrel-macos-arm64, r-oldrel-macos-x86_64