CRAN Package Check Results for Package aod

Last updated on 2025-07-21 13:50:47 CEST.

Flavor Version Tinstall Tcheck Ttotal Status Flags
r-devel-linux-x86_64-debian-clang 1.3.3 4.72 41.69 46.41 NOTE
r-devel-linux-x86_64-debian-gcc 1.3.3 3.89 30.93 34.82 NOTE
r-devel-linux-x86_64-fedora-clang 1.3.3 72.95 OK
r-devel-linux-x86_64-fedora-gcc 1.3.3 69.77 OK
r-devel-windows-x86_64 1.3.3 5.00 65.00 70.00 OK
r-patched-linux-x86_64 1.3.3 5.71 39.24 44.95 OK
r-release-linux-x86_64 1.3.3 4.85 39.74 44.59 OK
r-release-macos-arm64 1.3.3 34.00 OK
r-release-macos-x86_64 1.3.3 48.00 OK
r-release-windows-x86_64 1.3.3 8.00 65.00 73.00 OK
r-oldrel-macos-arm64 1.3.3 31.00 OK
r-oldrel-macos-x86_64 1.3.3 39.00 OK
r-oldrel-windows-x86_64 1.3.3 10.00 80.00 90.00 OK

Check Details

Version: 1.3.3
Check: CRAN incoming feasibility
Result: NOTE Maintainer: ‘Renaud Lancelot <renaud.lancelot@cirad.fr>’ No Authors@R field in DESCRIPTION. Please add one, modifying Authors@R: c(person(given = "Matthieu", family = "Lesnoff", role = "aut", email = "matthieu.lesnoff@cirad.fr"), person(given = "Renaud", family = "Lancelot", role = c("aut", "cre"), email = "renaud.lancelot@cirad.fr")) as necessary. Package CITATION file contains call(s) to old-style personList() or as.personList(). Please use c() on person objects instead. Package CITATION file contains call(s) to old-style citEntry(). Please use bibentry() instead. Flavors: r-devel-linux-x86_64-debian-clang, r-devel-linux-x86_64-debian-gcc