Last updated on 2025-05-28 09:52:47 CEST.
Flavor | Version | Tinstall | Tcheck | Ttotal | Status | Flags |
---|---|---|---|---|---|---|
r-devel-linux-x86_64-debian-clang | 0.1.4 | 7.52 | 91.05 | 98.57 | NOTE | |
r-devel-linux-x86_64-debian-gcc | 0.1.4 | 4.90 | 64.97 | 69.87 | NOTE | |
r-devel-linux-x86_64-fedora-clang | 0.1.4 | 150.56 | OK | |||
r-devel-linux-x86_64-fedora-gcc | 0.1.4 | 162.93 | OK | |||
r-devel-windows-x86_64 | 0.1.4 | 9.00 | 139.00 | 148.00 | OK | |
r-patched-linux-x86_64 | 0.1.4 | 7.11 | 83.50 | 90.61 | OK | |
r-release-linux-x86_64 | 0.1.4 | 7.24 | 83.22 | 90.46 | OK | |
r-release-macos-arm64 | 0.1.4 | 51.00 | OK | |||
r-release-macos-x86_64 | 0.1.4 | 89.00 | OK | |||
r-release-windows-x86_64 | 0.1.4 | 9.00 | 139.00 | 148.00 | OK | |
r-oldrel-macos-arm64 | 0.1.4 | 52.00 | OK | |||
r-oldrel-macos-x86_64 | 0.1.4 | 101.00 | OK | |||
r-oldrel-windows-x86_64 | 0.1.4 | 13.00 | 154.00 | 167.00 | OK |
Version: 0.1.4
Check: DESCRIPTION meta-information
Result: NOTE
Author field differs from that derived from Authors@R
Author: ‘B. C. Ajay [aut, cre] (<https://orcid.org/0000-0001-7222-8483>), J. Aravind [aut] (<https://orcid.org/0000-0002-4791-442X>), R. Abdul Fiyaz [aut] (<https://orcid.org/0000-0001-6261-7071>), ICAR [cph] (https://www.icar.org.in)’
Authors@R: ‘B. C. Ajay [aut, cre] (ORCID: <https://orcid.org/0000-0001-7222-8483>), J. Aravind [aut] (ORCID: <https://orcid.org/0000-0002-4791-442X>), R. Abdul Fiyaz [aut] (ORCID: <https://orcid.org/0000-0001-6261-7071>), ICAR [cph] (url: https://www.icar.org.in)’
Flavors: r-devel-linux-x86_64-debian-clang, r-devel-linux-x86_64-debian-gcc