Last updated on 2025-07-21 13:50:47 CEST.
Flavor | Version | Tinstall | Tcheck | Ttotal | Status | Flags |
---|---|---|---|---|---|---|
r-devel-linux-x86_64-debian-clang | 4.3.2.3 | 108.57 | 110.28 | 218.85 | OK | |
r-devel-linux-x86_64-debian-gcc | 4.3.2.3 | 44.91 | 78.09 | 123.00 | OK | |
r-devel-linux-x86_64-fedora-clang | 4.3.2.3 | 267.33 | OK | |||
r-devel-linux-x86_64-fedora-gcc | 4.3.2.3 | 272.37 | OK | |||
r-devel-windows-x86_64 | 4.3.2.3 | 55.00 | 134.00 | 189.00 | OK | |
r-patched-linux-x86_64 | 4.3.2.3 | 59.22 | 104.33 | 163.55 | OK | |
r-release-linux-x86_64 | 4.3.2.3 | 52.09 | 103.67 | 155.76 | OK | |
r-release-macos-arm64 | 4.3.2.3 | 74.00 | OK | |||
r-release-macos-x86_64 | 4.3.2.3 | 128.00 | OK | |||
r-release-windows-x86_64 | 4.3.2.3 | 52.00 | 135.00 | 187.00 | OK | |
r-oldrel-macos-arm64 | 4.3.2.3 | 74.00 | NOTE | |||
r-oldrel-macos-x86_64 | 4.3.2.3 | 111.00 | NOTE | |||
r-oldrel-windows-x86_64 | 4.3.2.3 | 77.00 | 179.00 | 256.00 | OK |
Version: 4.3.2.3
Check: installed package size
Result: NOTE
installed size is 6.9Mb
sub-directories of 1Mb or more:
libs 6.8Mb
Flavors: r-oldrel-macos-arm64, r-oldrel-macos-x86_64