Last updated on 2025-05-28 17:57:15 CEST.
Flavor | Version | Tinstall | Tcheck | Ttotal | Status | Flags |
---|---|---|---|---|---|---|
r-devel-linux-x86_64-debian-clang | 1.0.7 | 434.63 | 336.38 | 771.01 | OK | |
r-devel-linux-x86_64-debian-gcc | 1.0.7 | 364.69 | 240.74 | 605.43 | OK | |
r-devel-linux-x86_64-fedora-clang | 1.0.7 | 1387.42 | OK | |||
r-devel-linux-x86_64-fedora-gcc | 1.0.7 | 1475.56 | OK | |||
r-devel-windows-x86_64 | 1.0.7 | 430.00 | 367.00 | 797.00 | OK | |
r-patched-linux-x86_64 | 1.0.7 | 480.88 | 357.79 | 838.67 | OK | |
r-release-linux-x86_64 | 1.0.7 | 484.80 | 355.73 | 840.53 | OK | |
r-release-macos-arm64 | 1.0.7 | 334.00 | OK | |||
r-release-macos-x86_64 | 1.0.7 | 614.00 | OK | |||
r-release-windows-x86_64 | 1.0.7 | 420.00 | 367.00 | 787.00 | OK | |
r-oldrel-macos-arm64 | 1.0.7 | 302.00 | NOTE | |||
r-oldrel-macos-x86_64 | 1.0.7 | 506.00 | NOTE | |||
r-oldrel-windows-x86_64 | 1.0.7 | 519.00 | 494.00 | 1013.00 | NOTE |
Version: 1.0.7
Check: installed package size
Result: NOTE
installed size is 211.4Mb
sub-directories of 1Mb or more:
adelie 2.0Mb
doc 1.6Mb
libs 207.5Mb
Flavors: r-oldrel-macos-arm64, r-oldrel-macos-x86_64, r-oldrel-windows-x86_64