Last updated on 2025-05-28 17:57:42 CEST.
Flavor | Version | Tinstall | Tcheck | Ttotal | Status | Flags |
---|---|---|---|---|---|---|
r-devel-linux-x86_64-debian-clang | 1.0.6 | 7.32 | 146.81 | 154.13 | NOTE | |
r-devel-linux-x86_64-debian-gcc | 1.0.6 | 5.05 | 103.24 | 108.29 | NOTE | |
r-devel-linux-x86_64-fedora-clang | 1.0.6 | 236.03 | NOTE | |||
r-devel-linux-x86_64-fedora-gcc | 1.0.6 | 243.39 | NOTE | |||
r-devel-windows-x86_64 | 1.0.6 | 11.00 | 161.00 | 172.00 | NOTE | |
r-patched-linux-x86_64 | 1.0.6 | 7.28 | 133.83 | 141.11 | NOTE | |
r-release-linux-x86_64 | 1.0.6 | 8.09 | 136.41 | 144.50 | NOTE | |
r-release-macos-arm64 | 1.0.6 | 74.00 | NOTE | |||
r-release-macos-x86_64 | 1.0.6 | 156.00 | NOTE | |||
r-release-windows-x86_64 | 1.0.6 | 11.00 | 161.00 | 172.00 | NOTE | |
r-oldrel-macos-arm64 | 1.0.6 | 79.00 | OK | |||
r-oldrel-macos-x86_64 | 1.0.6 | 134.00 | OK | |||
r-oldrel-windows-x86_64 | 1.0.6 | 13.00 | 202.00 | 215.00 | OK |
Version: 1.0.6
Check: DESCRIPTION meta-information
Result: NOTE
Missing dependency on R >= 4.1.0 because package code uses the pipe
|> or function shorthand \(...) syntax added in R 4.1.0.
File(s) using such syntax:
‘exhaustive_lhl.Rd’ ‘gaussian_fit.Rd’ ‘hyperbolic_fit.Rd’
Flavors: r-devel-linux-x86_64-debian-clang, r-devel-linux-x86_64-debian-gcc, r-devel-linux-x86_64-fedora-clang, r-devel-linux-x86_64-fedora-gcc, r-devel-windows-x86_64, r-patched-linux-x86_64, r-release-linux-x86_64, r-release-macos-arm64, r-release-macos-x86_64, r-release-windows-x86_64