Last updated on 2025-07-21 23:50:55 CEST.
Flavor | Version | Tinstall | Tcheck | Ttotal | Status | Flags |
---|---|---|---|---|---|---|
r-devel-linux-x86_64-debian-clang | 1.2.2 | 11.68 | 153.24 | 164.92 | OK | |
r-devel-linux-x86_64-debian-gcc | 1.2.2 | 8.12 | 118.87 | 126.99 | OK | |
r-devel-linux-x86_64-fedora-clang | 1.2.2 | 243.56 | OK | |||
r-devel-linux-x86_64-fedora-gcc | 1.2.2 | 247.54 | OK | |||
r-devel-windows-x86_64 | 1.2.2 | 22.00 | 263.00 | 285.00 | OK | |
r-patched-linux-x86_64 | 1.2.2 | 14.83 | 147.23 | 162.06 | OK | |
r-release-linux-x86_64 | 1.2.2 | 11.28 | 145.67 | 156.95 | OK | |
r-release-macos-arm64 | 1.2.2 | 120.00 | OK | |||
r-release-macos-x86_64 | 1.2.2 | 215.00 | OK | |||
r-release-windows-x86_64 | 1.2.2 | 21.00 | 261.00 | 282.00 | OK | |
r-oldrel-macos-arm64 | 1.2.2 | 95.00 | NOTE | |||
r-oldrel-macos-x86_64 | 1.2.2 | 230.00 | NOTE | |||
r-oldrel-windows-x86_64 | 1.2.2 | 21.00 | 289.00 | 310.00 | NOTE |
Version: 1.2.2
Check: installed package size
Result: NOTE
installed size is 31.7Mb
sub-directories of 1Mb or more:
java 29.2Mb
Flavors: r-oldrel-macos-arm64, r-oldrel-macos-x86_64, r-oldrel-windows-x86_64