Last updated on 2025-05-25 13:49:59 CEST.
Flavor | Version | Tinstall | Tcheck | Ttotal | Status | Flags |
---|---|---|---|---|---|---|
r-devel-linux-x86_64-debian-clang | 0.1 | 7.74 | 72.08 | 79.82 | NOTE | |
r-devel-linux-x86_64-debian-gcc | 0.1 | 6.28 | 53.50 | 59.78 | NOTE | |
r-devel-linux-x86_64-fedora-clang | 0.1 | 118.70 | OK | |||
r-devel-linux-x86_64-fedora-gcc | 0.1 | 113.35 | OK | |||
r-devel-windows-x86_64 | 0.1 | 10.00 | 123.00 | 133.00 | OK | |
r-patched-linux-x86_64 | 0.1 | 8.27 | 68.58 | 76.85 | OK | |
r-release-linux-x86_64 | 0.1 | 7.66 | 68.09 | 75.75 | OK | |
r-release-macos-arm64 | 0.1 | 58.00 | OK | |||
r-release-macos-x86_64 | 0.1 | 103.00 | OK | |||
r-release-windows-x86_64 | 0.1 | 10.00 | 88.00 | 98.00 | OK | |
r-oldrel-macos-arm64 | 0.1 | 54.00 | OK | |||
r-oldrel-macos-x86_64 | 0.1 | 77.00 | OK | |||
r-oldrel-windows-x86_64 | 0.1 | 14.00 | 105.00 | 119.00 | OK |
Version: 0.1
Check: CRAN incoming feasibility
Result: NOTE
Maintainer: ‘Zihuai He <zihuai@stanford.edu>’
No Authors@R field in DESCRIPTION.
Please add one, modifying
Authors@R: person(given = "Zihuai",
family = "He",
role = c("aut", "cre"),
email = "zihuai@stanford.edu")
as necessary.
Flavors: r-devel-linux-x86_64-debian-clang, r-devel-linux-x86_64-debian-gcc