CRAN Package Check Results for Package TreeRingShape

Last updated on 2025-05-24 17:52:34 CEST.

Flavor Version Tinstall Tcheck Ttotal Status Flags
r-devel-linux-x86_64-debian-clang 3.0.5 2.49 49.92 52.41 OK
r-devel-linux-x86_64-debian-gcc 3.0.5 2.11 38.84 40.95 OK
r-devel-linux-x86_64-fedora-clang 3.0.5 79.32 NOTE
r-devel-linux-x86_64-fedora-gcc 3.0.5 92.92 NOTE
r-devel-windows-x86_64 3.0.5 5.00 95.00 100.00 OK
r-patched-linux-x86_64 3.0.5 2.97 48.32 51.29 OK
r-release-linux-x86_64 3.0.5 2.21 48.30 50.51 OK
r-release-macos-arm64 3.0.5 66.00 OK
r-release-macos-x86_64 3.0.5 73.00 OK
r-release-windows-x86_64 3.0.5 5.00 128.00 133.00 OK
r-oldrel-macos-arm64 3.0.5 203.00 OK
r-oldrel-macos-x86_64 3.0.5 218.00 OK
r-oldrel-windows-x86_64 3.0.5 5.00 136.00 141.00 OK

Check Details

Version: 3.0.5
Check: dependencies in R code
Result: NOTE Namespace in Imports field not imported from: ‘tibble’ All declared Imports should be used. Flavors: r-devel-linux-x86_64-fedora-clang, r-devel-linux-x86_64-fedora-gcc