Last updated on 2025-05-24 13:49:42 CEST.
Flavor | Version | Tinstall | Tcheck | Ttotal | Status | Flags |
---|---|---|---|---|---|---|
r-devel-linux-x86_64-debian-clang | 2.3 | 6.81 | 54.01 | 60.82 | NOTE | |
r-devel-linux-x86_64-debian-gcc | 2.3 | 5.17 | 41.67 | 46.84 | NOTE | |
r-devel-linux-x86_64-fedora-clang | 2.3 | 92.12 | OK | |||
r-devel-linux-x86_64-fedora-gcc | 2.3 | 90.02 | OK | |||
r-devel-windows-x86_64 | 2.3 | 8.00 | 108.00 | 116.00 | OK | |
r-patched-linux-x86_64 | 2.3 | 6.72 | 51.60 | 58.32 | OK | |
r-release-linux-x86_64 | 2.3 | 6.32 | 51.82 | 58.14 | OK | |
r-release-macos-arm64 | 2.3 | 34.00 | OK | |||
r-release-macos-x86_64 | 2.3 | 67.00 | OK | |||
r-release-windows-x86_64 | 2.3 | 8.00 | 66.00 | 74.00 | OK | |
r-oldrel-macos-arm64 | 2.3 | 31.00 | OK | |||
r-oldrel-macos-x86_64 | 2.3 | 47.00 | OK | |||
r-oldrel-windows-x86_64 | 2.3 | 10.00 | 80.00 | 90.00 | OK |
Version: 2.3
Check: CRAN incoming feasibility
Result: NOTE
Maintainer: ‘Jie Zhou <zhoujie02569@gmail.com>’
No Authors@R field in DESCRIPTION.
Please add one, modifying
Authors@R: c(person(given = "Jie",
family = "Zhou",
role = c("aut", "cre"),
email = "zhoujie02569@gmail.com"),
person(given = "Jiajia",
family = "Zhang",
role = "aut"),
person(given = "Wenbin",
family = "Lu",
role = "aut"))
as necessary.
Flavors: r-devel-linux-x86_64-debian-clang, r-devel-linux-x86_64-debian-gcc