Last updated on 2025-05-28 17:57:40 CEST.
Flavor | Version | Tinstall | Tcheck | Ttotal | Status | Flags |
---|---|---|---|---|---|---|
r-devel-linux-x86_64-debian-clang | 0.1.2 | 14.42 | 123.93 | 138.35 | NOTE | |
r-devel-linux-x86_64-debian-gcc | 0.1.2 | 10.97 | 89.31 | 100.28 | NOTE | |
r-devel-linux-x86_64-fedora-clang | 0.1.2 | 212.35 | OK | |||
r-devel-linux-x86_64-fedora-gcc | 0.1.2 | 210.70 | OK | |||
r-devel-windows-x86_64 | 0.1.2 | 16.00 | 123.00 | 139.00 | OK | |
r-patched-linux-x86_64 | 0.1.2 | 14.99 | 111.78 | 126.77 | OK | |
r-release-linux-x86_64 | 0.1.2 | 13.54 | 113.07 | 126.61 | OK | |
r-release-macos-arm64 | 0.1.2 | 62.00 | OK | |||
r-release-macos-x86_64 | 0.1.2 | 119.00 | OK | |||
r-release-windows-x86_64 | 0.1.2 | 15.00 | 125.00 | 140.00 | OK | |
r-oldrel-macos-arm64 | 0.1.2 | 68.00 | OK | |||
r-oldrel-macos-x86_64 | 0.1.2 | 88.00 | OK | |||
r-oldrel-windows-x86_64 | 0.1.2 | 21.00 | 206.00 | 227.00 | OK |
Version: 0.1.2
Check: CRAN incoming feasibility
Result: NOTE
Maintainer: ‘Kleanthis Koupidis <koupidis.okfgr@gmail.com>’
No Authors@R field in DESCRIPTION.
Please add one, modifying
Authors@R: c(person(given = "Kleanthis",
family = "Koupidis",
role = c("aut", "cre"),
email = "koupidis.okfgr@gmail.com"),
person(given = "Aikaterini",
family = "Chatzopoulou",
role = "aut"),
person(given = "Charalampos",
family = "Bratsas",
role = "aut"),
person(given = "Panagiotis",
family = "Tzenos",
role = "dtc"),
person(given = c("Josep", "Maria"),
family = "Salanova",
role = "dtc"))
as necessary.
Flavors: r-devel-linux-x86_64-debian-clang, r-devel-linux-x86_64-debian-gcc