Last updated on 2025-05-28 17:57:39 CEST.
Flavor | Version | Tinstall | Tcheck | Ttotal | Status | Flags |
---|---|---|---|---|---|---|
r-devel-linux-x86_64-debian-clang | 4.1.3 | 4.44 | 54.75 | 59.19 | NOTE | |
r-devel-linux-x86_64-debian-gcc | 4.1.3 | 3.32 | 40.44 | 43.76 | NOTE | |
r-devel-linux-x86_64-fedora-clang | 4.1.3 | 88.64 | OK | |||
r-devel-linux-x86_64-fedora-gcc | 4.1.3 | 98.83 | OK | |||
r-devel-windows-x86_64 | 4.1.3 | 6.00 | 106.00 | 112.00 | OK | |
r-patched-linux-x86_64 | 4.1.3 | 5.32 | 52.78 | 58.10 | OK | |
r-release-linux-x86_64 | 4.1.3 | 3.82 | 52.93 | 56.75 | OK | |
r-release-macos-arm64 | 4.1.3 | 34.00 | OK | |||
r-release-macos-x86_64 | 4.1.3 | 64.00 | OK | |||
r-release-windows-x86_64 | 4.1.3 | 6.00 | 105.00 | 111.00 | OK | |
r-oldrel-macos-arm64 | 4.1.3 | 31.00 | OK | |||
r-oldrel-macos-x86_64 | 4.1.3 | 48.00 | OK | |||
r-oldrel-windows-x86_64 | 4.1.3 | 5.00 | 120.00 | 125.00 | OK |
Version: 4.1.3
Check: CRAN incoming feasibility
Result: NOTE
Maintainer: ‘Glenn J. Tattersall <gtatters@brocku.ca>’
No Authors@R field in DESCRIPTION.
Please add one, modifying
Authors@R: person(given = c("Glenn", "J."),
family = "Tattersall",
role = c("aut", "cre"),
email = "gtatters@brocku.ca")
as necessary.
Flavors: r-devel-linux-x86_64-debian-clang, r-devel-linux-x86_64-debian-gcc