CRAN Package Check Results for Package SpatialTools

Last updated on 2025-07-13 09:49:55 CEST.

Flavor Version Tinstall Tcheck Ttotal Status Flags
r-devel-linux-x86_64-debian-clang 1.0.5 60.42 66.10 126.52 NOTE
r-devel-linux-x86_64-debian-gcc 1.0.5 44.36 49.48 93.84 NOTE
r-devel-linux-x86_64-fedora-clang 1.0.5 224.95 OK
r-devel-linux-x86_64-fedora-gcc 1.0.5 212.33 OK
r-devel-windows-x86_64 1.0.5 72.00 98.00 170.00 OK
r-patched-linux-x86_64 1.0.5 64.12 62.78 126.90 OK
r-release-linux-x86_64 1.0.5 62.57 63.35 125.92 OK
r-release-macos-arm64 1.0.5 58.00 OK
r-release-macos-x86_64 1.0.5 86.00 OK
r-release-windows-x86_64 1.0.5 72.00 107.00 179.00 OK
r-oldrel-macos-arm64 1.0.5 54.00 OK
r-oldrel-macos-x86_64 1.0.5 70.00 OK
r-oldrel-windows-x86_64 1.0.5 86.00 124.00 210.00 OK

Check Details

Version: 1.0.5
Check: CRAN incoming feasibility
Result: NOTE Maintainer: ‘Joshua French <joshua.french@ucdenver.edu>’ No Authors@R field in DESCRIPTION. Please add one, modifying Authors@R: person(given = "Joshua", family = "French", role = c("aut", "cre"), email = "joshua.french@ucdenver.edu") as necessary. Flavors: r-devel-linux-x86_64-debian-clang, r-devel-linux-x86_64-debian-gcc