CRAN Package Check Results for Package Sofi

Last updated on 2025-05-29 04:50:34 CEST.

Flavor Version Tinstall Tcheck Ttotal Status Flags
r-devel-linux-x86_64-debian-clang 0.16.4.8 3.45 34.57 38.02 NOTE
r-devel-linux-x86_64-debian-gcc 0.16.4.8 2.66 27.19 29.85 NOTE
r-devel-linux-x86_64-fedora-clang 0.16.4.8 57.06 OK
r-devel-linux-x86_64-fedora-gcc 0.16.4.8 51.46 OK
r-devel-windows-x86_64 0.16.4.8 6.00 53.00 59.00 OK
r-patched-linux-x86_64 0.16.4.8 3.39 32.01 35.40 OK
r-release-linux-x86_64 0.16.4.8 3.40 32.26 35.66 OK
r-release-macos-arm64 0.16.4.8 39.00 OK
r-release-macos-x86_64 0.16.4.8 37.00 OK
r-release-windows-x86_64 0.16.4.8 7.00 54.00 61.00 OK
r-oldrel-macos-arm64 0.16.4.8 26.00 OK
r-oldrel-macos-x86_64 0.16.4.8 32.00 OK
r-oldrel-windows-x86_64 0.16.4.8 7.00 61.00 68.00 OK

Check Details

Version: 0.16.4.8
Check: CRAN incoming feasibility
Result: NOTE Maintainer: ‘Jose D. Loera <jose.loera@inegi.org.mx>’ No Authors@R field in DESCRIPTION. Please add one, modifying Authors@R: person(given = c("Jose", "D."), family = "Loera", role = c("aut", "cre"), email = "jose.loera@inegi.org.mx") as necessary. Flavors: r-devel-linux-x86_64-debian-clang, r-devel-linux-x86_64-debian-gcc