CRAN Package Check Results for Package SleepCycles

Last updated on 2025-07-21 17:50:29 CEST.

Flavor Version Tinstall Tcheck Ttotal Status Flags
r-devel-linux-x86_64-debian-clang 1.1.4 6.57 59.49 66.06 NOTE
r-devel-linux-x86_64-debian-gcc 1.1.4 4.77 41.55 46.32 NOTE
r-devel-linux-x86_64-fedora-clang 1.1.4 98.82 OK
r-devel-linux-x86_64-fedora-gcc 1.1.4 108.63 OK
r-devel-windows-x86_64 1.1.4 9.00 66.00 75.00 OK
r-patched-linux-x86_64 1.1.4 5.26 53.27 58.53 OK
r-release-linux-x86_64 1.1.4 6.54 53.36 59.90 OK
r-release-macos-arm64 1.1.4 42.00 OK
r-release-macos-x86_64 1.1.4 66.00 OK
r-release-windows-x86_64 1.1.4 8.00 68.00 76.00 OK
r-oldrel-macos-arm64 1.1.4 35.00 OK
r-oldrel-macos-x86_64 1.1.4 67.00 OK
r-oldrel-windows-x86_64 1.1.4 10.00 81.00 91.00 OK

Check Details

Version: 1.1.4
Check: CRAN incoming feasibility
Result: NOTE Maintainer: ‘Christine Blume <christine.blume@sbg.ac.at>’ Package CITATION file contains call(s) to old-style citEntry(). Please use bibentry() instead. Flavors: r-devel-linux-x86_64-debian-clang, r-devel-linux-x86_64-debian-gcc