Last updated on 2025-05-26 04:50:20 CEST.
Flavor | Version | Tinstall | Tcheck | Ttotal | Status | Flags |
---|---|---|---|---|---|---|
r-devel-linux-x86_64-debian-clang | 1.0 | 12.28 | 27.96 | 40.24 | NOTE | |
r-devel-linux-x86_64-debian-gcc | 1.0 | 9.20 | 22.43 | 31.63 | NOTE | |
r-devel-linux-x86_64-fedora-clang | 1.0 | 68.00 | NOTE | |||
r-devel-linux-x86_64-fedora-gcc | 1.0 | 65.87 | NOTE | |||
r-devel-windows-x86_64 | 1.0 | 18.00 | 66.00 | 84.00 | NOTE | |
r-patched-linux-x86_64 | 1.0 | 12.75 | 26.46 | 39.21 | NOTE | |
r-release-linux-x86_64 | 1.0 | 12.48 | 26.73 | 39.21 | NOTE | |
r-release-macos-arm64 | 1.0 | 28.00 | NOTE | |||
r-release-macos-x86_64 | 1.0 | 38.00 | NOTE | |||
r-release-windows-x86_64 | 1.0 | 18.00 | 69.00 | 87.00 | NOTE | |
r-oldrel-macos-arm64 | 1.0 | 23.00 | NOTE | |||
r-oldrel-macos-x86_64 | 1.0 | 29.00 | NOTE | |||
r-oldrel-windows-x86_64 | 1.0 | 18.00 | 76.00 | 94.00 | NOTE |
Version: 1.0
Check: C++ specification
Result: NOTE
Specified C++11: please drop specification unless essential
Flavors: r-devel-linux-x86_64-debian-clang, r-devel-linux-x86_64-debian-gcc, r-devel-linux-x86_64-fedora-clang, r-devel-linux-x86_64-fedora-gcc, r-devel-windows-x86_64, r-patched-linux-x86_64, r-release-linux-x86_64, r-release-macos-arm64, r-release-macos-x86_64, r-release-windows-x86_64, r-oldrel-macos-arm64, r-oldrel-macos-x86_64, r-oldrel-windows-x86_64
Version: 1.0
Check: for GNU extensions in Makefiles
Result: NOTE
GNU make is a SystemRequirements.
Flavors: r-oldrel-macos-arm64, r-oldrel-macos-x86_64, r-oldrel-windows-x86_64