Last updated on 2025-05-24 23:50:27 CEST.
Flavor | Version | Tinstall | Tcheck | Ttotal | Status | Flags |
---|---|---|---|---|---|---|
r-devel-linux-x86_64-debian-clang | 2.2.5.1 | 22.22 | 181.16 | 203.38 | NOTE | |
r-devel-linux-x86_64-debian-gcc | 2.2.5.1 | 14.27 | 125.21 | 139.48 | NOTE | |
r-devel-linux-x86_64-fedora-clang | 2.2.5.1 | 322.39 | OK | |||
r-devel-linux-x86_64-fedora-gcc | 2.2.5.1 | 307.56 | OK | |||
r-devel-windows-x86_64 | 2.2.5.1 | 25.00 | 210.00 | 235.00 | NOTE | |
r-patched-linux-x86_64 | 2.2.5.1 | 23.22 | 172.25 | 195.47 | NOTE | |
r-release-linux-x86_64 | 2.2.5.1 | 20.04 | 173.43 | 193.47 | NOTE | |
r-release-macos-arm64 | 2.2.5.1 | 96.00 | OK | |||
r-release-macos-x86_64 | 2.2.5.1 | 191.00 | OK | |||
r-release-windows-x86_64 | 2.2.5.1 | 24.00 | 205.00 | 229.00 | NOTE | |
r-oldrel-macos-arm64 | 2.2.5.1 | 97.00 | OK | |||
r-oldrel-macos-x86_64 | 2.2.5.1 | 146.00 | OK | |||
r-oldrel-windows-x86_64 | 2.2.5.1 | 34.00 | 270.00 | 304.00 | OK |
Version: 2.2.5.1
Check: Rd cross-references
Result: NOTE
Found the following Rd file(s) with Rd \link{} targets missing package
anchors:
import_local_nut.Rd: rem_reps, all_params, all_params_dtrng,
single_param
Please provide package anchors for all Rd \link{} targets not in the
package itself and the base packages.
Flavors: r-devel-linux-x86_64-debian-clang, r-devel-linux-x86_64-debian-gcc, r-devel-windows-x86_64, r-patched-linux-x86_64, r-release-linux-x86_64, r-release-windows-x86_64