Last updated on 2025-05-28 04:52:30 CEST.
Flavor | Version | Tinstall | Tcheck | Ttotal | Status | Flags |
---|---|---|---|---|---|---|
r-devel-linux-x86_64-debian-clang | 0.1 | 2.82 | 21.84 | 24.66 | NOTE | |
r-devel-linux-x86_64-debian-gcc | 0.1 | 2.15 | 16.77 | 18.92 | NOTE | |
r-devel-linux-x86_64-fedora-clang | 0.1 | 38.03 | OK | |||
r-devel-linux-x86_64-fedora-gcc | 0.1 | 35.85 | OK | |||
r-devel-windows-x86_64 | 0.1 | 4.00 | 44.00 | 48.00 | OK | |
r-patched-linux-x86_64 | 0.1 | 2.58 | 20.65 | 23.23 | OK | |
r-release-linux-x86_64 | 0.1 | 2.68 | 20.84 | 23.52 | OK | |
r-release-macos-arm64 | 0.1 | 15.00 | OK | |||
r-release-macos-x86_64 | 0.1 | 27.00 | OK | |||
r-release-windows-x86_64 | 0.1 | 4.00 | 43.00 | 47.00 | OK | |
r-oldrel-macos-arm64 | 0.1 | 15.00 | OK | |||
r-oldrel-macos-x86_64 | 0.1 | 24.00 | OK | |||
r-oldrel-windows-x86_64 | 0.1 | 3.00 | 42.00 | 45.00 | OK |
Version: 0.1
Check: CRAN incoming feasibility
Result: NOTE
Maintainer: ‘Ming Wang <willnju@gmail.com>’
No Authors@R field in DESCRIPTION.
Please add one, modifying
Authors@R: c(person(given = "Ming",
family = "Wang",
role = c("aut", "cre"),
email = "willnju@gmail.com"),
person(given = "Yongtao",
family = "Guan",
role = "aut"),
person(given = "Kun",
family = "Xu",
role = "aut"))
as necessary.
Flavors: r-devel-linux-x86_64-debian-clang, r-devel-linux-x86_64-debian-gcc