CRAN Package Check Results for Package SMITIDvisu

Last updated on 2025-07-16 17:49:38 CEST.

Flavor Version Tinstall Tcheck Ttotal Status Flags
r-devel-linux-x86_64-debian-clang 0.0.9 11.19 34.90 46.09 NOTE
r-devel-linux-x86_64-debian-gcc 0.0.9 7.92 26.81 34.73 NOTE
r-devel-linux-x86_64-fedora-clang 0.0.9 77.95 NOTE
r-devel-linux-x86_64-fedora-gcc 0.0.9 70.49 NOTE
r-devel-windows-x86_64 0.0.9 15.00 70.00 85.00 NOTE
r-patched-linux-x86_64 0.0.9 11.88 33.05 44.93 NOTE
r-release-linux-x86_64 0.0.9 10.54 33.19 43.73 NOTE
r-release-macos-arm64 0.0.9 26.00 NOTE
r-release-macos-x86_64 0.0.9 46.00 NOTE
r-release-windows-x86_64 0.0.9 16.00 73.00 89.00 NOTE
r-oldrel-macos-arm64 0.0.9 28.00 NOTE
r-oldrel-macos-x86_64 0.0.9 41.00 NOTE
r-oldrel-windows-x86_64 0.0.9 18.00 89.00 107.00 NOTE

Check Details

Version: 0.0.9
Check: C++ specification
Result: NOTE Specified C++11: please drop specification unless essential Flavors: r-devel-linux-x86_64-debian-clang, r-devel-linux-x86_64-debian-gcc, r-devel-linux-x86_64-fedora-clang, r-devel-linux-x86_64-fedora-gcc, r-devel-windows-x86_64, r-patched-linux-x86_64, r-release-linux-x86_64, r-release-macos-arm64, r-release-macos-x86_64, r-release-windows-x86_64, r-oldrel-macos-arm64, r-oldrel-macos-x86_64, r-oldrel-windows-x86_64