Last updated on 2025-05-28 09:53:15 CEST.
Flavor | Version | Tinstall | Tcheck | Ttotal | Status | Flags |
---|---|---|---|---|---|---|
r-devel-linux-x86_64-debian-clang | 1.0.1 | 2.98 | 35.45 | 38.43 | NOTE | |
r-devel-linux-x86_64-debian-gcc | 1.0.1 | 2.57 | 26.78 | 29.35 | NOTE | |
r-devel-linux-x86_64-fedora-clang | 1.0.1 | 62.38 | NOTE | |||
r-devel-linux-x86_64-fedora-gcc | 1.0.1 | 68.76 | NOTE | |||
r-devel-windows-x86_64 | 1.0.1 | 6.00 | 54.00 | 60.00 | NOTE | |
r-patched-linux-x86_64 | 1.0.1 | 2.82 | 33.96 | 36.78 | NOTE | |
r-release-linux-x86_64 | 1.0.1 | 2.05 | 34.11 | 36.16 | NOTE | |
r-release-macos-arm64 | 1.0.1 | 27.00 | NOTE | |||
r-release-macos-x86_64 | 1.0.1 | 50.00 | NOTE | |||
r-release-windows-x86_64 | 1.0.1 | 6.00 | 54.00 | 60.00 | NOTE | |
r-oldrel-macos-arm64 | 1.0.1 | 27.00 | NOTE | |||
r-oldrel-macos-x86_64 | 1.0.1 | 38.00 | NOTE | |||
r-oldrel-windows-x86_64 | 1.0.1 | 7.00 | 63.00 | 70.00 | NOTE |
Version: 1.0.1
Check: Rd files
Result: NOTE
checkRd: (-1) sdc_extabs.Rd:59: Lost braces
59 | (including ]code{forcelist} variables) that can be used to form tables.}
| ^
Flavors: r-devel-linux-x86_64-debian-clang, r-devel-linux-x86_64-debian-gcc, r-devel-linux-x86_64-fedora-clang, r-devel-linux-x86_64-fedora-gcc, r-devel-windows-x86_64, r-patched-linux-x86_64, r-release-linux-x86_64, r-release-macos-arm64, r-release-macos-x86_64, r-release-windows-x86_64, r-oldrel-macos-arm64, r-oldrel-macos-x86_64, r-oldrel-windows-x86_64