CRAN Package Check Results for Package Rsymphony

Last updated on 2025-05-28 13:48:37 CEST.

Flavor Version Tinstall Tcheck Ttotal Status Flags
r-devel-linux-x86_64-debian-clang 0.1-33 3.64 19.43 23.07 OK
r-devel-linux-x86_64-debian-gcc 0.1-33 2.76 15.84 18.60 OK
r-devel-linux-x86_64-fedora-clang 0.1-33 37.49 OK
r-devel-linux-x86_64-fedora-gcc 0.1-33 33.50 OK
r-devel-windows-x86_64 0.1-33 16.00 100.00 116.00 OK
r-patched-linux-x86_64 0.1-33 2.93 19.30 22.23 OK
r-release-linux-x86_64 0.1-33 2.88 18.81 21.69 OK
r-release-macos-arm64 0.1-33 23.00 OK
r-release-macos-x86_64 0.1-33 35.00 OK
r-release-windows-x86_64 0.1-33 17.00 97.00 114.00 OK
r-oldrel-macos-arm64 0.1-33 35.00 NOTE
r-oldrel-macos-x86_64 0.1-33 34.00 OK
r-oldrel-windows-x86_64 0.1-33 15.00 95.00 110.00 NOTE

Check Details

Version: 0.1-33
Check: Rd cross-references
Result: NOTE Package unavailable to check Rd xrefs: ‘Rglpk’ Flavor: r-oldrel-macos-arm64

Version: 0.1-33
Check: installed package size
Result: NOTE installed size is 5.8Mb sub-directories of 1Mb or more: libs 5.8Mb Flavor: r-oldrel-windows-x86_64