Last updated on 2025-05-24 23:50:24 CEST.
Flavor | Version | Tinstall | Tcheck | Ttotal | Status | Flags |
---|---|---|---|---|---|---|
r-devel-linux-x86_64-debian-clang | 0.6.6 | 61.00 | 57.68 | 118.68 | OK | |
r-devel-linux-x86_64-debian-gcc | 0.6.6 | 54.50 | 43.89 | 98.39 | WARN | |
r-devel-linux-x86_64-fedora-clang | 0.6.6 | 174.45 | OK | |||
r-devel-linux-x86_64-fedora-gcc | 0.6.6 | 227.89 | WARN | |||
r-devel-windows-x86_64 | 0.6.6 | 66.00 | 114.00 | 180.00 | WARN | |
r-patched-linux-x86_64 | 0.6.6 | 73.92 | 58.96 | 132.88 | OK | |
r-release-linux-x86_64 | 0.6.6 | 73.05 | 58.80 | 131.85 | OK | |
r-release-macos-arm64 | 0.6.6 | 52.00 | OK | |||
r-release-macos-x86_64 | 0.6.6 | 134.00 | OK | |||
r-release-windows-x86_64 | 0.6.6 | 63.00 | 114.00 | 177.00 | OK | |
r-oldrel-macos-arm64 | 0.6.6 | 54.00 | NOTE | |||
r-oldrel-macos-x86_64 | 0.6.6 | 105.00 | NOTE | |||
r-oldrel-windows-x86_64 | 0.6.6 | 75.00 | 130.00 | 205.00 | OK |
Version: 0.6.6
Check: whether package can be installed
Result: WARN
Found the following significant warnings:
/usr/lib/gcc/x86_64-linux-gnu/14/include/emmintrin.h:134:24: warning: array subscript ‘__m128d_u[0]’ is partly outside array bounds of ‘Eigen::internal::plain_matrix_type<Eigen::Product<Eigen::Block<Eigen::Matrix<double, -1, -1>, 1, -1, false>, Eigen::Transpose<Eigen::Block<Eigen::Matrix<double, -1, -1>, 1, -1, false> >, 0>, Eigen::Dense>::type [1]’ {aka ‘Eigen::Matrix<double, 1, 1, 0, 1, 1> [1]’} [-Warray-bounds=]
See ‘/home/hornik/tmp/R.check/r-devel-gcc/Work/PKGS/RobustGaSP.Rcheck/00install.out’ for details.
* used C compiler: ‘gcc-14 (Debian 14.2.0-19) 14.2.0’
* used C++ compiler: ‘g++-14 (Debian 14.2.0-19) 14.2.0’
Flavor: r-devel-linux-x86_64-debian-gcc
Version: 0.6.6
Check: whether package can be installed
Result: WARN
Found the following significant warnings:
/usr/lib/gcc/x86_64-redhat-linux/15/include/emmintrin.h:135:24: warning: array subscript ‘__m128d_u[0]’ is partly outside array bounds of ‘Eigen::internal::plain_matrix_type<Eigen::Product<Eigen::Block<Eigen::Matrix<double, -1, -1>, 1, -1, false>, Eigen::Transpose<Eigen::Block<Eigen::Matrix<double, -1, -1>, 1, -1, false> >, 0>, Eigen::Dense>::type [1]’ {aka ‘Eigen::Matrix<double, 1, 1, 0, 1, 1> [1]’} [-Warray-bounds=]
See ‘/data/gannet/ripley/R/packages/tests-devel/RobustGaSP.Rcheck/00install.out’ for details.
* used C compiler: ‘gcc (GCC) 15.1.1 20250425 (Red Hat 15.1.1-1)’
* used C++ compiler: ‘g++ (GCC) 15.1.1 20250425 (Red Hat 15.1.1-1)’
Flavor: r-devel-linux-x86_64-fedora-gcc
Version: 0.6.6
Check: whether package can be installed
Result: WARN
Found the following significant warnings:
D:/rtools45/x86_64-w64-mingw32.static.posix/lib/gcc/x86_64-w64-mingw32.static.posix/14.2.0/include/emmintrin.h:134:24: warning: array subscript '__m128d_u[0]' is partly outside array bounds of 'Eigen::internal::plain_matrix_type<Eigen::Product<Eigen::Block<Eigen::Matrix<double, -1, -1>, 1, -1, false>, Eigen::Transpose<Eigen::Block<Eigen::Matrix<double, -1, -1>, 1, -1, false> >, 0>, Eigen::Dense>::type [1]' {aka 'Eigen::Matrix<double, 1, 1, 0, 1, 1> [1]'} [-Warray-bounds=]
See 'd:/Rcompile/CRANpkg/local/4.6/RobustGaSP.Rcheck/00install.out' for details.
* used C compiler: 'gcc.exe (GCC) 14.2.0'
* used C++ compiler: 'g++.exe (GCC) 14.2.0'
Flavor: r-devel-windows-x86_64
Version: 0.6.6
Check: installed package size
Result: NOTE
installed size is 38.9Mb
sub-directories of 1Mb or more:
libs 38.3Mb
Flavors: r-oldrel-macos-arm64, r-oldrel-macos-x86_64