Last updated on 2025-05-28 17:57:34 CEST.
Flavor | Version | Tinstall | Tcheck | Ttotal | Status | Flags |
---|---|---|---|---|---|---|
r-devel-linux-x86_64-debian-clang | 0.1.6.2 | 18.34 | 29.50 | 47.84 | NOTE | |
r-devel-linux-x86_64-debian-gcc | 0.1.6.2 | 14.97 | 21.97 | 36.94 | NOTE | |
r-devel-linux-x86_64-fedora-clang | 0.1.6.2 | 86.85 | OK | |||
r-devel-linux-x86_64-fedora-gcc | 0.1.6.2 | 83.86 | OK | |||
r-devel-windows-x86_64 | 0.1.6.2 | 26.00 | 67.00 | 93.00 | OK | |
r-patched-linux-x86_64 | 0.1.6.2 | 21.19 | 27.86 | 49.05 | OK | |
r-release-linux-x86_64 | 0.1.6.2 | 21.88 | 27.91 | 49.79 | OK | |
r-release-macos-arm64 | 0.1.6.2 | 9.00 | ERROR | |||
r-release-macos-x86_64 | 0.1.6.2 | 11.00 | ERROR | |||
r-release-windows-x86_64 | 0.1.6.2 | 27.00 | 66.00 | 93.00 | OK | |
r-oldrel-macos-arm64 | 0.1.6.2 | 14.00 | ERROR | |||
r-oldrel-macos-x86_64 | 0.1.6.2 | 21.00 | ERROR | |||
r-oldrel-windows-x86_64 | 0.1.6.2 | 29.00 | 82.00 | 111.00 | NOTE |
Version: 0.1.6.2
Check: CRAN incoming feasibility
Result: NOTE
Maintainer: ‘Junhewk Kim <junhewk.kim@gmail.com>’
No Authors@R field in DESCRIPTION.
Please add one, modifying
Authors@R: person(given = "Junhewk",
family = "Kim",
role = c("aut", "cre"),
email = "junhewk.kim@gmail.com")
as necessary.
Flavors: r-devel-linux-x86_64-debian-clang, r-devel-linux-x86_64-debian-gcc
Version: 0.1.6.2
Check: whether package can be installed
Result: ERROR
Installation failed.
Flavors: r-release-macos-arm64, r-release-macos-x86_64, r-oldrel-macos-arm64, r-oldrel-macos-x86_64
Version: 0.1.6.2
Check: LazyData
Result: NOTE
'LazyData' is specified without a 'data' directory
Flavor: r-oldrel-windows-x86_64