Last updated on 2025-05-28 13:48:36 CEST.
Flavor | Version | Tinstall | Tcheck | Ttotal | Status | Flags |
---|---|---|---|---|---|---|
r-devel-linux-x86_64-debian-clang | 0.3.2 | 14.22 | 103.76 | 117.98 | NOTE | |
r-devel-linux-x86_64-debian-gcc | 0.3.2 | 10.32 | 81.67 | 91.99 | NOTE | |
r-devel-linux-x86_64-fedora-clang | 0.3.2 | 194.28 | OK | |||
r-devel-linux-x86_64-fedora-gcc | 0.3.2 | 198.53 | OK | |||
r-devel-windows-x86_64 | 0.3.2 | 14.00 | 118.00 | 132.00 | OK | |
r-patched-linux-x86_64 | 0.3.2 | 14.60 | 103.62 | 118.22 | OK | |
r-release-linux-x86_64 | 0.3.2 | 13.54 | 101.37 | 114.91 | OK | |
r-release-macos-arm64 | 0.3.2 | 70.00 | OK | |||
r-release-macos-x86_64 | 0.3.2 | 127.00 | OK | |||
r-release-windows-x86_64 | 0.3.2 | 15.00 | 119.00 | 134.00 | OK | |
r-oldrel-macos-arm64 | 0.3.2 | 63.00 | OK | |||
r-oldrel-macos-x86_64 | 0.3.2 | 98.00 | OK | |||
r-oldrel-windows-x86_64 | 0.3.2 | 21.00 | 148.00 | 169.00 | OK |
Version: 0.3.2
Check: CRAN incoming feasibility
Result: NOTE
Maintainer: ‘Juan A. Ferrer-Bonsoms <jafhernandez@tecnun.es>’
No Authors@R field in DESCRIPTION.
Please add one, modifying
Authors@R: c(person(given = c("Juan", "A."),
family = "Ferrer-Bonsoms",
role = c("aut", "cre"),
email = "jafhernandez@tecnun.es"),
person(given = "Laura",
family = "Jareno",
role = "aut"),
person(given = "Angel",
family = "Rubio",
role = "aut"))
as necessary.
Flavors: r-devel-linux-x86_64-debian-clang, r-devel-linux-x86_64-debian-gcc