Last updated on 2025-05-28 13:48:35 CEST.
Flavor | Version | Tinstall | Tcheck | Ttotal | Status | Flags |
---|---|---|---|---|---|---|
r-devel-linux-x86_64-debian-clang | 1.0.1 | 28.51 | 46.04 | 74.55 | NOTE | |
r-devel-linux-x86_64-debian-gcc | 1.0.1 | 21.66 | 33.37 | 55.03 | NOTE | |
r-devel-linux-x86_64-fedora-clang | 1.0.1 | 132.16 | NOTE | |||
r-devel-linux-x86_64-fedora-gcc | 1.0.1 | 119.93 | NOTE | |||
r-devel-windows-x86_64 | 1.0.1 | 34.00 | 79.00 | 113.00 | NOTE | |
r-patched-linux-x86_64 | 1.0.1 | 28.09 | 43.09 | 71.18 | NOTE | |
r-release-linux-x86_64 | 1.0.1 | 27.15 | 42.99 | 70.14 | NOTE | |
r-release-macos-arm64 | 1.0.1 | 34.00 | NOTE | |||
r-release-macos-x86_64 | 1.0.1 | 62.00 | NOTE | |||
r-release-windows-x86_64 | 1.0.1 | 34.00 | 89.00 | 123.00 | NOTE | |
r-oldrel-macos-arm64 | 1.0.1 | 33.00 | NOTE | |||
r-oldrel-macos-x86_64 | 1.0.1 | 44.00 | NOTE | |||
r-oldrel-windows-x86_64 | 1.0.1 | 41.00 | 100.00 | 141.00 | NOTE |
Version: 1.0.1
Check: Rd files
Result: NOTE
checkRd: (-1) ReAD.Rd:19: Lost braces; missing escapes or markup?
19 | \item{pi}{An estimate of the stationary probabilities of four states {(0,0), (0,1), (1,0), (1,1)}.}
| ^
checkRd: (-1) em_hmm.Rd:22: Lost braces; missing escapes or markup?
22 | \item{pi}{An estimate of the stationary probabilities of four states {(0,0), (0,1), (1,0), (1,1)}.}
| ^
Flavors: r-devel-linux-x86_64-debian-clang, r-devel-linux-x86_64-debian-gcc, r-devel-linux-x86_64-fedora-clang, r-devel-linux-x86_64-fedora-gcc, r-devel-windows-x86_64, r-patched-linux-x86_64, r-release-linux-x86_64, r-release-macos-arm64, r-release-macos-x86_64, r-release-windows-x86_64, r-oldrel-macos-arm64, r-oldrel-macos-x86_64, r-oldrel-windows-x86_64