Last updated on 2025-05-25 13:49:53 CEST.
Flavor | Version | Tinstall | Tcheck | Ttotal | Status | Flags |
---|---|---|---|---|---|---|
r-devel-linux-x86_64-debian-clang | 1.3-2 | 21.67 | 142.27 | 163.94 | NOTE | |
r-devel-linux-x86_64-debian-gcc | 1.3-2 | 17.03 | 110.74 | 127.77 | NOTE | |
r-devel-linux-x86_64-fedora-clang | 1.3-2 | 267.12 | OK | |||
r-devel-linux-x86_64-fedora-gcc | 1.3-2 | 241.81 | OK | |||
r-devel-windows-x86_64 | 1.3-2 | 40.00 | 249.00 | 289.00 | OK | |
r-patched-linux-x86_64 | 1.3-2 | 20.38 | 137.22 | 157.60 | OK | |
r-release-linux-x86_64 | 1.3-2 | 20.57 | 136.84 | 157.41 | OK | |
r-release-macos-arm64 | 1.3-2 | 88.00 | OK | |||
r-release-macos-x86_64 | 1.3-2 | 145.00 | OK | |||
r-release-windows-x86_64 | 1.3-2 | 22.00 | 202.00 | 224.00 | OK | |
r-oldrel-macos-arm64 | 1.3-2 | 87.00 | OK | |||
r-oldrel-macos-x86_64 | 1.3-2 | 115.00 | OK | |||
r-oldrel-windows-x86_64 | 1.3-2 | 25.00 | 172.00 | 197.00 | OK |
Version: 1.3-2
Check: CRAN incoming feasibility
Result: NOTE
Maintainer: ‘John Fox <jfox@mcmaster.ca>’
No Authors@R field in DESCRIPTION.
Please add one, modifying
Authors@R: person(given = "John",
family = "Fox",
role = c("aut", "cre"),
email = "jfox@mcmaster.ca")
as necessary.
Flavors: r-devel-linux-x86_64-debian-clang, r-devel-linux-x86_64-debian-gcc