Last updated on 2025-05-24 17:52:28 CEST.
Flavor | Version | Tinstall | Tcheck | Ttotal | Status | Flags |
---|---|---|---|---|---|---|
r-devel-linux-x86_64-debian-clang | 1.0 | 19.06 | 142.67 | 161.73 | NOTE | |
r-devel-linux-x86_64-debian-gcc | 1.0 | 14.58 | 105.07 | 119.65 | NOTE | |
r-devel-linux-x86_64-fedora-clang | 1.0 | 265.46 | OK | |||
r-devel-linux-x86_64-fedora-gcc | 1.0 | 241.32 | OK | |||
r-devel-windows-x86_64 | 1.0 | 29.00 | 245.00 | 274.00 | OK | |
r-patched-linux-x86_64 | 1.0 | 18.68 | 135.41 | 154.09 | OK | |
r-release-linux-x86_64 | 1.0 | 17.91 | 136.22 | 154.13 | OK | |
r-release-macos-arm64 | 1.0 | 75.00 | OK | |||
r-release-macos-x86_64 | 1.0 | 135.00 | OK | |||
r-release-windows-x86_64 | 1.0 | 29.00 | 1505.00 | 1534.00 | OK | |
r-oldrel-macos-arm64 | 1.0 | 74.00 | OK | |||
r-oldrel-macos-x86_64 | 1.0 | 107.00 | OK | |||
r-oldrel-windows-x86_64 | 1.0 | 26.00 | 170.00 | 196.00 | OK |
Version: 1.0
Check: CRAN incoming feasibility
Result: NOTE
Maintainer: ‘Alexandre Adalardo de Oliveira <ecovirtualpackage@gmail.com>’
No Authors@R field in DESCRIPTION.
Please add one, modifying
Authors@R: c(person(given = c("Alexandre", "Adalardo"),
family = "de Oliveira",
role = c("aut", "cre"),
email = "ecovirtualpackage@gmail.com"),
person(given = c("Paulo", "Inacio"),
family = "Prado",
role = "aut",
email = "ecovirtualpackage@gmail.com"))
as necessary.
Flavors: r-devel-linux-x86_64-debian-clang, r-devel-linux-x86_64-debian-gcc