Last updated on 2025-05-28 13:48:35 CEST.
Flavor | Version | Tinstall | Tcheck | Ttotal | Status | Flags |
---|---|---|---|---|---|---|
r-devel-linux-x86_64-debian-clang | 0.1.0 | 5.34 | 55.11 | 60.45 | OK | |
r-devel-linux-x86_64-debian-gcc | 0.1.0 | 3.55 | 39.79 | 43.34 | OK | |
r-devel-linux-x86_64-fedora-clang | 0.1.0 | 91.66 | OK | |||
r-devel-linux-x86_64-fedora-gcc | 0.1.0 | 100.90 | OK | |||
r-devel-windows-x86_64 | 0.1.0 | 7.00 | 65.00 | 72.00 | OK | |
r-patched-linux-x86_64 | 0.1.0 | 5.30 | 49.75 | 55.05 | OK | |
r-release-linux-x86_64 | 0.1.0 | 5.46 | 49.74 | 55.20 | OK | |
r-release-macos-arm64 | 0.1.0 | 33.00 | OK | |||
r-release-macos-x86_64 | 0.1.0 | 66.00 | OK | |||
r-release-windows-x86_64 | 0.1.0 | 7.00 | 66.00 | 73.00 | OK | |
r-oldrel-macos-arm64 | 0.1.0 | 35.00 | NOTE | |||
r-oldrel-macos-x86_64 | 0.1.0 | 51.00 | NOTE | |||
r-oldrel-windows-x86_64 | 0.1.0 | 10.00 | 79.00 | 89.00 | NOTE |
Version: 0.1.0
Check: LazyData
Result: NOTE
'LazyData' is specified without a 'data' directory
Flavors: r-oldrel-macos-arm64, r-oldrel-macos-x86_64, r-oldrel-windows-x86_64