Last updated on 2025-07-21 17:50:25 CEST.
Flavor | Version | Tinstall | Tcheck | Ttotal | Status | Flags |
---|---|---|---|---|---|---|
r-devel-linux-x86_64-debian-clang | 1.0.8 | 18.24 | 74.71 | 92.95 | OK | |
r-devel-linux-x86_64-debian-gcc | 1.0.8 | 11.55 | 50.15 | 61.70 | OK | |
r-devel-linux-x86_64-fedora-clang | 1.0.8 | 148.19 | NOTE | |||
r-devel-linux-x86_64-fedora-gcc | 1.0.8 | 137.17 | NOTE | |||
r-devel-windows-x86_64 | 1.0.8 | 23.00 | 95.00 | 118.00 | OK | |
r-patched-linux-x86_64 | 1.0.8 | 15.28 | 68.47 | 83.75 | OK | |
r-release-linux-x86_64 | 1.0.8 | 16.73 | 68.07 | 84.80 | OK | |
r-release-macos-arm64 | 1.0.8 | 39.00 | OK | |||
r-release-macos-x86_64 | 1.0.8 | 96.00 | OK | |||
r-release-windows-x86_64 | 1.0.8 | 24.00 | 94.00 | 118.00 | OK | |
r-oldrel-macos-arm64 | 1.0.8 | 46.00 | OK | |||
r-oldrel-macos-x86_64 | 1.0.8 | 91.00 | OK | |||
r-oldrel-windows-x86_64 | 1.0.8 | 28.00 | 116.00 | 144.00 | OK |
Version: 1.0.8
Check: dependencies in R code
Result: NOTE
Namespace in Imports field not imported from: ‘dplyr’
All declared Imports should be used.
Flavors: r-devel-linux-x86_64-fedora-clang, r-devel-linux-x86_64-fedora-gcc