CRAN Package Check Results for Package RSentiment

Last updated on 2025-05-28 09:53:13 CEST.

Flavor Version Tinstall Tcheck Ttotal Status Flags
r-devel-linux-x86_64-debian-clang 2.2.2 2.46 30.44 32.90 NOTE
r-devel-linux-x86_64-debian-gcc 2.2.2 1.79 23.95 25.74 NOTE
r-devel-linux-x86_64-fedora-clang 2.2.2 53.55 OK
r-devel-linux-x86_64-fedora-gcc 2.2.2 66.03 OK
r-devel-windows-x86_64 2.2.2 4.00 49.00 53.00 OK
r-patched-linux-x86_64 2.2.2 2.50 29.59 32.09 OK
r-release-linux-x86_64 2.2.2 2.48 29.32 31.80 OK
r-release-macos-arm64 2.2.2 32.00 OK
r-release-macos-x86_64 2.2.2 51.00 OK
r-release-windows-x86_64 2.2.2 4.00 50.00 54.00 OK
r-oldrel-macos-arm64 2.2.2 25.00 NOTE
r-oldrel-macos-x86_64 2.2.2 35.00 NOTE
r-oldrel-windows-x86_64 2.2.2 5.00 58.00 63.00 NOTE

Check Details

Version: 2.2.2
Check: CRAN incoming feasibility
Result: NOTE Maintainer: ‘Subhasree Bose <subhasree10.7@gmail.com>’ No Authors@R field in DESCRIPTION. Please add one, modifying Authors@R: c(person(given = c("Subhasree", "Bose", "with", "contributons", "from", "Saptarsi"), family = "Goswami.", role = "aut", email = "subhasree10.7@gmail.com"), person(given = "Subhasree", family = "Bose", role = "cre", email = "subhasree10.7@gmail.com")) as necessary. Flavors: r-devel-linux-x86_64-debian-clang, r-devel-linux-x86_64-debian-gcc

Version: 2.2.2
Check: LazyData
Result: NOTE 'LazyData' is specified without a 'data' directory Flavors: r-oldrel-macos-arm64, r-oldrel-macos-x86_64, r-oldrel-windows-x86_64