Last updated on 2025-07-16 04:50:23 CEST.
Flavor | Version | Tinstall | Tcheck | Ttotal | Status | Flags |
---|---|---|---|---|---|---|
r-devel-linux-x86_64-debian-clang | 1.0-11 | 4.26 | 126.92 | 131.18 | NOTE | |
r-devel-linux-x86_64-debian-gcc | 1.0-11 | 3.20 | 80.97 | 84.17 | NOTE | |
r-devel-linux-x86_64-fedora-clang | 1.0-11 | 196.70 | NOTE | |||
r-devel-linux-x86_64-fedora-gcc | 1.0-11 | 200.98 | NOTE | |||
r-devel-windows-x86_64 | 1.0-11 | 6.00 | 129.00 | 135.00 | NOTE | |
r-patched-linux-x86_64 | 1.0-11 | 4.77 | 113.37 | 118.14 | NOTE | |
r-release-linux-x86_64 | 1.0-11 | 3.52 | 123.33 | 126.85 | NOTE | |
r-release-macos-arm64 | 1.0-11 | 78.00 | NOTE | |||
r-release-macos-x86_64 | 1.0-11 | 146.00 | NOTE | |||
r-release-windows-x86_64 | 1.0-11 | 5.00 | 124.00 | 129.00 | NOTE | |
r-oldrel-macos-arm64 | 1.0-11 | 57.00 | NOTE | |||
r-oldrel-macos-x86_64 | 1.0-11 | 96.00 | NOTE | |||
r-oldrel-windows-x86_64 | 1.0-11 | 7.00 | 172.00 | 179.00 | NOTE |
Version: 1.0-11
Check: CRAN incoming feasibility
Result: NOTE
Maintainer: ‘Felix G.M. Ernst <felix.gm.ernst@outlook.com>’
Package CITATION file contains call(s) to old-style personList() or
as.personList(). Please use c() on person objects instead.
Flavors: r-devel-linux-x86_64-debian-clang, r-devel-linux-x86_64-debian-gcc
Version: 1.0-11
Check: Rd files
Result: NOTE
checkRd: (-1) performance.Rd:35: Escaped LaTeX specials: \#
checkRd: (-1) performance.Rd:36: Escaped LaTeX specials: \# \# \#
checkRd: (-1) performance.Rd:37: Escaped LaTeX specials: \# \#
Flavors: r-devel-linux-x86_64-debian-clang, r-devel-linux-x86_64-debian-gcc, r-devel-linux-x86_64-fedora-clang, r-devel-linux-x86_64-fedora-gcc, r-devel-windows-x86_64, r-patched-linux-x86_64, r-release-linux-x86_64, r-release-macos-arm64, r-release-macos-x86_64, r-release-windows-x86_64, r-oldrel-macos-arm64, r-oldrel-macos-x86_64, r-oldrel-windows-x86_64