Last updated on 2025-07-26 23:48:45 CEST.
Flavor | Version | Tinstall | Tcheck | Ttotal | Status | Flags |
---|---|---|---|---|---|---|
r-devel-linux-x86_64-debian-clang | 2.11-1 | 19.91 | 45.42 | 65.33 | OK | |
r-devel-linux-x86_64-debian-gcc | 2.11-1 | 12.84 | 33.67 | 46.51 | OK | |
r-devel-linux-x86_64-fedora-clang | 2.11-1 | 98.81 | OK | |||
r-devel-linux-x86_64-fedora-gcc | 2.11-1 | 101.43 | OK | |||
r-devel-windows-x86_64 | 2.11-1 | 89.00 | 220.00 | 309.00 | OK | |
r-patched-linux-x86_64 | 2.11-1 | 15.58 | 41.72 | 57.30 | OK | |
r-release-linux-x86_64 | 2.11-1 | 14.52 | 42.08 | 56.60 | OK | |
r-release-macos-arm64 | 2.11-1 | 71.00 | OK | |||
r-release-macos-x86_64 | 2.11-1 | 106.00 | OK | |||
r-release-windows-x86_64 | 2.11-1 | 84.00 | 203.00 | 287.00 | OK | |
r-oldrel-macos-arm64 | 2.11-1 | 72.00 | NOTE | |||
r-oldrel-macos-x86_64 | 2.11-1 | 107.00 | NOTE | |||
r-oldrel-windows-x86_64 | 2.11-1 | 97.00 | 279.00 | 376.00 | NOTE |
Version: 2.11-1
Check: package dependencies
Result: NOTE
Packages which this enhances but not available for checking:
'pbdMPI', 'Rmpi'
Flavors: r-oldrel-macos-arm64, r-oldrel-macos-x86_64
Version: 2.11-1
Check: installed package size
Result: NOTE
installed size is 6.8Mb
sub-directories of 1Mb or more:
libs 6.6Mb
Flavors: r-oldrel-macos-arm64, r-oldrel-macos-x86_64, r-oldrel-windows-x86_64
Version: 2.11-1
Check: Rd cross-references
Result: NOTE
Packages unavailable to check Rd xrefs: ‘pbdMPI’, ‘Rmpi’
Flavors: r-oldrel-macos-arm64, r-oldrel-macos-x86_64