Last updated on 2025-07-24 13:49:24 CEST.
Flavor | Version | Tinstall | Tcheck | Ttotal | Status | Flags |
---|---|---|---|---|---|---|
r-devel-linux-x86_64-debian-clang | 1.0 | 6.42 | 64.93 | 71.35 | NOTE | |
r-devel-linux-x86_64-debian-gcc | 1.0 | 4.87 | 48.42 | 53.29 | NOTE | |
r-devel-linux-x86_64-fedora-clang | 1.0 | 108.35 | OK | |||
r-devel-linux-x86_64-fedora-gcc | 1.0 | 105.95 | OK | |||
r-devel-windows-x86_64 | 1.0 | 8.00 | 76.00 | 84.00 | OK | |
r-patched-linux-x86_64 | 1.0 | 6.84 | 62.45 | 69.29 | OK | |
r-release-linux-x86_64 | 1.0 | 6.82 | 61.80 | 68.62 | OK | |
r-release-macos-arm64 | 1.0 | 37.00 | OK | |||
r-release-macos-x86_64 | 1.0 | 62.00 | OK | |||
r-release-windows-x86_64 | 1.0 | 8.00 | 79.00 | 87.00 | OK | |
r-oldrel-macos-arm64 | 1.0 | 34.00 | OK | |||
r-oldrel-macos-x86_64 | 1.0 | 57.00 | OK | |||
r-oldrel-windows-x86_64 | 1.0 | 10.00 | 91.00 | 101.00 | OK |
Version: 1.0
Check: CRAN incoming feasibility
Result: NOTE
Maintainer: ‘Jose Miguel Cotes Torres <jmcotes@unal.edu.co>’
No Authors@R field in DESCRIPTION.
Please add one, modifying
Authors@R: c(person(given = c("Jose", "Miguel", "Cotes", "Torres.", "Universidad", "Nacional", "de", "Colombia", "-", "Sede"),
family = "Medellin",
role = "aut"),
person(given = c("Jose", "Miguel", "Cotes"),
family = "Torres",
role = "cre",
email = "jmcotes@unal.edu.co"))
as necessary.
Flavors: r-devel-linux-x86_64-debian-clang, r-devel-linux-x86_64-debian-gcc