Last updated on 2025-05-28 17:57:33 CEST.
Flavor | Version | Tinstall | Tcheck | Ttotal | Status | Flags |
---|---|---|---|---|---|---|
r-devel-linux-x86_64-debian-clang | 0.6.10 | 80.24 | 56.14 | 136.38 | OK | |
r-devel-linux-x86_64-debian-gcc | 0.6.10 | 64.97 | 40.70 | 105.67 | OK | |
r-devel-linux-x86_64-fedora-clang | 0.6.10 | 271.46 | OK | |||
r-devel-linux-x86_64-fedora-gcc | 0.6.10 | 266.37 | OK | |||
r-devel-windows-x86_64 | 0.6.10 | 128.00 | 106.00 | 234.00 | OK | |
r-patched-linux-x86_64 | 0.6.10 | 88.25 | 50.65 | 138.90 | OK | |
r-release-linux-x86_64 | 0.6.10 | 87.77 | 51.42 | 139.19 | OK | |
r-release-macos-arm64 | 0.6.10 | 68.00 | OK | |||
r-release-macos-x86_64 | 0.6.10 | 79.00 | OK | |||
r-release-windows-x86_64 | 0.6.10 | 134.00 | 87.00 | 221.00 | OK | |
r-oldrel-macos-arm64 | 0.6.10 | 71.00 | NOTE | |||
r-oldrel-macos-x86_64 | 0.6.10 | 99.00 | NOTE | |||
r-oldrel-windows-x86_64 | 0.6.10 | 146.00 | 118.00 | 264.00 | OK |
Version: 0.6.10
Check: installed package size
Result: NOTE
installed size is 13.6Mb
sub-directories of 1Mb or more:
libs 13.3Mb
Flavors: r-oldrel-macos-arm64, r-oldrel-macos-x86_64