Last updated on 2025-05-28 17:57:33 CEST.
Flavor | Version | Tinstall | Tcheck | Ttotal | Status | Flags |
---|---|---|---|---|---|---|
r-devel-linux-x86_64-debian-clang | 1.0.2 | 4.11 | 386.61 | 390.72 | NOTE | |
r-devel-linux-x86_64-debian-gcc | 1.0.2 | 3.22 | 181.81 | 185.03 | NOTE | |
r-devel-linux-x86_64-fedora-clang | 1.0.2 | 643.80 | OK | |||
r-devel-linux-x86_64-fedora-gcc | 1.0.2 | 651.93 | OK | |||
r-devel-windows-x86_64 | 1.0.2 | 6.00 | 286.00 | 292.00 | OK | |
r-patched-linux-x86_64 | 1.0.2 | 4.94 | 358.16 | 363.10 | OK | |
r-release-linux-x86_64 | 1.0.2 | 4.03 | 361.39 | 365.42 | OK | |
r-release-macos-arm64 | 1.0.2 | 122.00 | OK | |||
r-release-macos-x86_64 | 1.0.2 | 336.00 | OK | |||
r-release-windows-x86_64 | 1.0.2 | 7.00 | 282.00 | 289.00 | OK | |
r-oldrel-macos-arm64 | 1.0.2 | 100.00 | OK | |||
r-oldrel-macos-x86_64 | 1.0.2 | 218.00 | OK | |||
r-oldrel-windows-x86_64 | 1.0.2 | 7.00 | 467.00 | 474.00 | OK |
Version: 1.0.2
Check: CRAN incoming feasibility
Result: NOTE
Maintainer: ‘Olivier Gimenez <olivier.gimenez@cefe.cnrs.fr>’
Package CITATION file contains call(s) to old-style citEntry(). Please
use bibentry() instead.
Flavors: r-devel-linux-x86_64-debian-clang, r-devel-linux-x86_64-debian-gcc