Last updated on 2025-05-28 17:57:33 CEST.
Flavor | Version | Tinstall | Tcheck | Ttotal | Status | Flags |
---|---|---|---|---|---|---|
r-devel-linux-x86_64-debian-clang | 1.0.5 | 5.44 | 38.68 | 44.12 | NOTE | |
r-devel-linux-x86_64-debian-gcc | 1.0.5 | 3.60 | 27.79 | 31.39 | NOTE | |
r-devel-linux-x86_64-fedora-clang | 1.0.5 | 72.75 | OK | |||
r-devel-linux-x86_64-fedora-gcc | 1.0.5 | 71.47 | OK | |||
r-devel-windows-x86_64 | 1.0.5 | 7.00 | 60.00 | 67.00 | OK | |
r-patched-linux-x86_64 | 1.0.5 | 6.67 | 36.58 | 43.25 | OK | |
r-release-linux-x86_64 | 1.0.5 | 5.84 | 36.71 | 42.55 | OK | |
r-release-macos-arm64 | 1.0.5 | 27.00 | OK | |||
r-release-macos-x86_64 | 1.0.5 | 41.00 | OK | |||
r-release-windows-x86_64 | 1.0.5 | 7.00 | 61.00 | 68.00 | OK | |
r-oldrel-macos-arm64 | 1.0.5 | 24.00 | NOTE | |||
r-oldrel-macos-x86_64 | 1.0.5 | 38.00 | NOTE | |||
r-oldrel-windows-x86_64 | 1.0.5 | 10.00 | 70.00 | 80.00 | NOTE |
Version: 1.0.5
Check: CRAN incoming feasibility
Result: NOTE
Maintainer: ‘Andrea Fasulo <fasulo@istat.it>’
No Authors@R field in DESCRIPTION.
Please add one, modifying
Authors@R: c(person(given = c("Andrea", "Fasulo,Giulio", "Barcaroli,Stefano", "Falorsi,Alessio", "Guandalini,Daniela", "Pagliuca,Marco", "Dionisio"),
family = "Terribili",
role = "aut"),
person(given = "Andrea",
family = "Fasulo",
role = "cre",
email = "fasulo@istat.it"))
as necessary.
Flavors: r-devel-linux-x86_64-debian-clang, r-devel-linux-x86_64-debian-gcc
Version: 1.0.5
Check: package dependencies
Result: NOTE
Package suggested but not available for checking: ‘ReGenesees’
Flavors: r-oldrel-macos-arm64, r-oldrel-macos-x86_64, r-oldrel-windows-x86_64