Last updated on 2025-05-29 17:59:06 CEST.
Flavor | Version | Tinstall | Tcheck | Ttotal | Status | Flags |
---|---|---|---|---|---|---|
r-devel-linux-x86_64-debian-clang | 1.0.0 | 2.76 | 27.91 | 30.67 | NOTE | |
r-devel-linux-x86_64-debian-gcc | 1.0.0 | 2.03 | 22.16 | 24.19 | NOTE | |
r-devel-linux-x86_64-fedora-clang | 1.0.0 | 48.16 | OK | |||
r-devel-linux-x86_64-fedora-gcc | 1.0.0 | 46.83 | OK | |||
r-devel-windows-x86_64 | 1.0.0 | 5.00 | 48.00 | 53.00 | OK | |
r-patched-linux-x86_64 | 1.0.0 | 2.93 | 26.14 | 29.07 | OK | |
r-release-linux-x86_64 | 1.0.0 | 2.86 | 26.03 | 28.89 | OK | |
r-release-macos-arm64 | 1.0.0 | 20.00 | OK | |||
r-release-macos-x86_64 | 1.0.0 | 39.00 | OK | |||
r-release-windows-x86_64 | 1.0.0 | 5.00 | 48.00 | 53.00 | OK | |
r-oldrel-macos-arm64 | 1.0.0 | 19.00 | OK | |||
r-oldrel-macos-x86_64 | 1.0.0 | 40.00 | OK | |||
r-oldrel-windows-x86_64 | 1.0.0 | 6.00 | 55.00 | 61.00 | OK |
Version: 1.0.0
Check: CRAN incoming feasibility
Result: NOTE
Maintainer: ‘Arthur Leroy <arthur.leroy.pro@gmail.com>’
The Description field contains
<arXiv:2307.08975>.
Please refer to arXiv e-prints via their arXiv DOI <doi:10.48550/arXiv.YYMM.NNNNN>.
Flavors: r-devel-linux-x86_64-debian-clang, r-devel-linux-x86_64-debian-gcc