Last updated on 2025-05-28 13:48:34 CEST.
Flavor | Version | Tinstall | Tcheck | Ttotal | Status | Flags |
---|---|---|---|---|---|---|
r-devel-linux-x86_64-debian-clang | 1.4.3 | 15.37 | 111.67 | 127.04 | OK | |
r-devel-linux-x86_64-debian-gcc | 1.4.3 | 10.24 | 82.13 | 92.37 | OK | |
r-devel-linux-x86_64-fedora-clang | 1.4.3 | 221.26 | NOTE | |||
r-devel-linux-x86_64-fedora-gcc | 1.4.3 | 227.91 | NOTE | |||
r-devel-windows-x86_64 | 1.4.3 | 20.00 | 191.00 | 211.00 | OK | |
r-patched-linux-x86_64 | 1.4.3 | 15.10 | 107.98 | 123.08 | OK | |
r-release-linux-x86_64 | 1.4.3 | 14.41 | 107.97 | 122.38 | OK | |
r-release-macos-arm64 | 1.4.3 | 65.00 | OK | |||
r-release-macos-x86_64 | 1.4.3 | 118.00 | OK | |||
r-release-windows-x86_64 | 1.4.3 | 20.00 | 195.00 | 215.00 | OK | |
r-oldrel-macos-arm64 | 1.4.3 | 62.00 | OK | |||
r-oldrel-macos-x86_64 | 1.4.3 | 95.00 | OK | |||
r-oldrel-windows-x86_64 | 1.4.3 | 24.00 | 214.00 | 238.00 | OK |
Version: 1.4.3
Check: dependencies in R code
Result: NOTE
Namespace in Imports field not imported from: ‘dplyr’
All declared Imports should be used.
Flavors: r-devel-linux-x86_64-fedora-clang, r-devel-linux-x86_64-fedora-gcc