Last updated on 2025-07-21 17:50:23 CEST.
Flavor | Version | Tinstall | Tcheck | Ttotal | Status | Flags |
---|---|---|---|---|---|---|
r-devel-linux-x86_64-debian-clang | 1.2.1 | 9.41 | 243.05 | 252.46 | OK | |
r-devel-linux-x86_64-debian-gcc | 1.2.1 | 6.81 | 168.15 | 174.96 | OK | |
r-devel-linux-x86_64-fedora-clang | 1.2.1 | 416.46 | OK | |||
r-devel-linux-x86_64-fedora-gcc | 1.2.1 | 432.09 | OK | |||
r-devel-windows-x86_64 | 1.2.1 | 10.00 | 237.00 | 247.00 | OK | |
r-patched-linux-x86_64 | 1.2.1 | 10.14 | 240.86 | 251.00 | OK | |
r-release-linux-x86_64 | 1.2.1 | 9.25 | 240.87 | 250.12 | OK | |
r-release-macos-arm64 | 1.2.1 | 160.00 | OK | |||
r-release-macos-x86_64 | 1.2.1 | 314.00 | OK | |||
r-release-windows-x86_64 | 1.2.1 | 11.00 | 238.00 | 249.00 | OK | |
r-oldrel-macos-arm64 | 1.2.1 | 146.00 | OK | |||
r-oldrel-macos-x86_64 | 1.2.1 | 218.00 | NOTE | |||
r-oldrel-windows-x86_64 | 1.2.1 | 13.00 | 327.00 | 340.00 | OK |
Version: 1.2.1
Check: installed package size
Result: NOTE
installed size is 5.4Mb
sub-directories of 1Mb or more:
data 3.4Mb
doc 1.9Mb
Flavor: r-oldrel-macos-x86_64